{"id":31899,"date":"2025-04-10T15:00:09","date_gmt":"2025-04-10T13:00:09","guid":{"rendered":"http:\/\/sc-weisse-dame.de\/v3\/?page_id=31899"},"modified":"2025-09-26T21:56:51","modified_gmt":"2025-09-26T19:56:51","slug":"clubpokal-2025","status":"publish","type":"page","link":"http:\/\/sc-weisse-dame.de\/v3\/spielbetrieb\/clubpokal\/clubpokal-2025\/","title":{"rendered":"Otto-Christ-Pokal 2025"},"content":{"rendered":"<p>Der Otto-Christ-Pokal ist ein j\u00e4hrlich ausgetragenes Turnier im KO-System, hei\u00dft: Wer eine Partie verliert, scheidet aus. Bei Remis wird direkt im Anschluss eine Schnellschachpartie mit vertauschten Farben gespielt, bei erneutem Remis zwei Blitzpartien, bei erneutem Remis einzelne Blitzpartien, bis eine Entscheidung vorliegt. Wie \u00fcblich konnten die ausgeschiedenen Spieler in einem Schweizer Turnier gegeneinander weiterspielen. Der Gewinner dieses Schweizer Turniers wurde zum Drittplazierten erkl\u00e4rt. Der Zeitmodus f\u00fcr das Turnier ist 90 Minuten plus 30 Sekunden f\u00fcr jeden Zug. Das Turnier wird zur DWZ-Auswertung eingereicht. Weitere Einzelheiten findet ihr in der <a href=\"http:\/\/sc-weisse-dame.de\/v3\/wp-content\/uploads\/2025\/04\/Ausschreibung-OCP-2025.pdf\">Ausschreibung<\/a>.<\/p>\n<p>Das Turnier wurde mit drei Einstiegsterminen f\u00fcr die erste Runde begonnen: 25. 4., 2. 5. und 16. 5. Alle Teilnehmer konnten sich aussuchen, an welchem dieser Termine sie einsteigen m\u00f6chten.<\/p>\n<p>Gewonnen wurde das Turnier von Ralf Mohrmann, der im Finale gegen den zweitplatzierten Max Hoyer remisierte, und das Finale erst im Stichkampf f\u00fcr sich entscheiden konnte. Martin Sechting erh\u00e4lt den dritten Platz, da er das Schweizer Turnier gewonnen hat, und wegen besserer Buchholz-Wertung vor Cord Wischh\u00f6fer liegt.<\/p>\n<p style=\"text-align: left;\">Turnierleitung: Dennis Bertuch, <a style=\"overflow-wrap: normal; white-space: nowrap;\" href=\"mailto:dennisbertuch167@gmail.com\">dennisbertuch167@gmail.com<\/a>.<\/p>\n<p>Spielort war das Haus am Lietzensee, Herbartstra\u00dfe 25, 14057 Berlin<\/p>\n<h5>Erste Runde<\/h5>\n<div style=\"width: 100%; overflow: auto; white-space: nowrap;\">\n<table class=\"table-compact\">\n<tbody>\n<tr>\n<th style=\"text-align: right;\">Wei\u00df<\/th>\n<th style=\"text-align: center;\">Ergebnis<\/th>\n<th>Schwarz<\/th>\n<\/tr>\n<tr>\n<th>\u00a0<\/th>\n<th style=\"text-align: center;\">25. April<\/th>\n<th>\u00a0<\/th>\n<\/tr>\n<tr>\n<td style=\"text-align: right;\">Adrian Mieth<\/td>\n<td style=\"text-align: center;\">0-1<\/td>\n<td>Cord Wischh\u00f6fer<\/td>\n<\/tr>\n<tr>\n<td style=\"text-align: right;\">Carsten Miemietz<\/td>\n<td style=\"text-align: center;\">1-0<\/td>\n<td>Kathan Patel<\/td>\n<\/tr>\n<tr>\n<td style=\"text-align: right;\">Beeri Nisan<\/td>\n<td style=\"text-align: center;\">1-0<\/td>\n<td>Mahin Patel<\/td>\n<\/tr>\n<tr>\n<td style=\"text-align: right;\">Ferdinand Skodlerack<\/td>\n<td style=\"text-align: center;\">+:-<\/td>\n<td>Diganth Sai Manjunatha<\/td>\n<\/tr>\n<tr>\n<td style=\"text-align: right;\">Ralf Mohrmann<\/td>\n<td style=\"text-align: center;\">1-0<\/td>\n<td>Jesper Notzke<\/td>\n<\/tr>\n<tr>\n<td style=\"text-align: right;\">Martin D\u00f6ring<\/td>\n<td style=\"text-align: center;\">1-0<\/td>\n<td>Maximilian Mieth<\/td>\n<\/tr>\n<tr>\n<td style=\"text-align: right;\">Johannes St\u00f6ckel<\/td>\n<td style=\"text-align: center;\">0-1<\/td>\n<td>Oliver Otterson<\/td>\n<\/tr>\n<tr>\n<td style=\"text-align: right;\">Xiutian Cheng<\/td>\n<td style=\"text-align: center;\">1-0<\/td>\n<td>Avyukt Adusumalli<\/td>\n<\/tr>\n<tr>\n<th>\u00a0<\/th>\n<th style=\"text-align: center;\">2. Mai<\/th>\n<th>\u00a0<\/th>\n<\/tr>\n<tr>\n<td style=\"text-align: right;\">Reiner Linkies<\/td>\n<td style=\"text-align: center;\">0-1<\/td>\n<td>Robert Radke<\/td>\n<\/tr>\n<tr>\n<td style=\"text-align: right;\">Max Hoyer<\/td>\n<td style=\"text-align: center;\">1-0<\/td>\n<td>Anahit Babadshanjan<\/td>\n<\/tr>\n<tr>\n<td style=\"text-align: right;\">Konrad Wozniak<\/td>\n<td style=\"text-align: center;\">\u00bd \u2192 0-1<\/td>\n<td>Dennis Bertuch<\/td>\n<\/tr>\n<tr>\n<td style=\"text-align: right;\">Martin Sechting<\/td>\n<td style=\"text-align: center;\">1-0<\/td>\n<td>Mohamed Elkhedr<\/td>\n<\/tr>\n<tr>\n<th>\u00a0<\/th>\n<th style=\"text-align: center;\">16. Mai<\/th>\n<th>\u00a0<\/th>\n<\/tr>\n<tr>\n<td style=\"text-align: right;\">Oliver H\u00f6lscher<\/td>\n<td style=\"text-align: center;\">1-0<\/td>\n<td>Simon Gemen<\/td>\n<\/tr>\n<tr>\n<td style=\"text-align: right;\">Ben Schumacher<\/td>\n<td style=\"text-align: center;\">0-1<\/td>\n<td>Joachim Li\u00dfner<\/td>\n<\/tr>\n<\/tbody>\n<\/table>\n<\/div>\n<h5>Zweite Runde (23. Mai)<\/h5>\n<div style=\"width: 100%; overflow: auto; white-space: nowrap;\">\n<table class=\"table-compact\">\n<tbody>\n<tr>\n<th style=\"text-align: right;\">Wei\u00df<\/th>\n<th style=\"text-align: center;\">Ergebnis<\/th>\n<th>Schwarz<\/th>\n<\/tr>\n<tr>\n<td style=\"text-align: right;\">Cord Wischh\u00f6fer<\/td>\n<td style=\"text-align: center;\">1-0<\/td>\n<td>Oliver Otterson<\/td>\n<\/tr>\n<tr>\n<td style=\"text-align: right;\">Oliver H\u00f6lscher<\/td>\n<td style=\"text-align: center;\">0-1<\/td>\n<td>Martin D\u00f6ring<\/td>\n<\/tr>\n<tr>\n<td style=\"text-align: right;\">Robert Radke<\/td>\n<td style=\"text-align: center;\">1-0<\/td>\n<td>Dennis Bertuch<\/td>\n<\/tr>\n<tr>\n<td style=\"text-align: right;\">Ferdinand Skodlerack<\/td>\n<td style=\"text-align: center;\">+:-<\/td>\n<td>Carsten Miemietz<\/td>\n<\/tr>\n<tr>\n<td style=\"text-align: right;\">Ralf Mohrmann<\/td>\n<td style=\"text-align: center;\">1-0<\/td>\n<td>Joachim Li\u00dfner<\/td>\n<\/tr>\n<tr>\n<td style=\"text-align: right;\">Beeri Nisan<\/td>\n<td style=\"text-align: center;\">0-1<\/td>\n<td>Max Hoyer<\/td>\n<\/tr>\n<tr>\n<td style=\"text-align: center;\" colspan=\"3\">Martin Sechting und Xiutian Cheng spielfrei<\/td>\n<\/tr>\n<tr>\n<th style=\"text-align: center;\" colspan=\"3\">Schweizer Turnier<\/th>\n<\/tr>\n<tr>\n<td style=\"text-align: right;\">Jesper Notzke<\/td>\n<td style=\"text-align: center;\">1-0<\/td>\n<td>Luis Falk<\/td>\n<\/tr>\n<tr>\n<td style=\"text-align: right;\">Maximilian Mieth<\/td>\n<td style=\"text-align: center;\">+:-<\/td>\n<td>Orhun Kercek<\/td>\n<\/tr>\n<tr>\n<td style=\"text-align: right;\">Avyukt Adusumalli<\/td>\n<td style=\"text-align: center;\">1-0<\/td>\n<td>Reiner Linkies<\/td>\n<\/tr>\n<tr>\n<td style=\"text-align: right;\">Kathan Patel<\/td>\n<td style=\"text-align: center;\">0-1<\/td>\n<td>Ben Schumacher<\/td>\n<\/tr>\n<tr>\n<td style=\"text-align: right;\">Mahin Patel<\/td>\n<td style=\"text-align: center;\">0-1<\/td>\n<td>Diganth Sai Manjunatha<\/td>\n<\/tr>\n<tr>\n<td style=\"text-align: right;\">Anahit Babadshanjan<\/td>\n<td style=\"text-align: center;\">\u00bd-\u00bd<\/td>\n<td>Adrian Mieth<\/td>\n<\/tr>\n<tr>\n<td style=\"text-align: center;\" colspan=\"3\">Mohamed Elkhedr spielfrei<\/td>\n<\/tr>\n<\/tbody>\n<\/table>\n<\/div>\n<h5>Dritte Runde (20. Juni)<\/h5>\n<div style=\"width: 100%; overflow: auto; white-space: nowrap;\">\n<table class=\"table-compact\">\n<tbody>\n<tr>\n<th style=\"text-align: right;\">Wei\u00df<\/th>\n<th style=\"text-align: center;\">Ergebnis<\/th>\n<th>Schwarz<\/th>\n<\/tr>\n<tr>\n<td style=\"text-align: right;\">Cord Wischh\u00f6fer<\/td>\n<td style=\"text-align: center;\">\u00bd \u2192 0-1<\/td>\n<td>Martin Sechting<\/td>\n<\/tr>\n<tr>\n<td style=\"text-align: right;\">Xiutian Cheng<\/td>\n<td style=\"text-align: center;\">1-0<\/td>\n<td>Ferdinand Skodlerack<\/td>\n<\/tr>\n<tr>\n<td style=\"text-align: right;\">Max Hoyer<\/td>\n<td style=\"text-align: center;\">+:-<\/td>\n<td>Robert Radke<\/td>\n<\/tr>\n<tr>\n<td style=\"text-align: right;\">Ralf Mohrmann<\/td>\n<td style=\"text-align: center;\">1-0<\/td>\n<td>Martin D\u00f6ring<\/td>\n<\/tr>\n<tr>\n<th style=\"text-align: center;\" colspan=\"3\">Schweizer Turnier<\/th>\n<\/tr>\n<tr>\n<td style=\"text-align: right;\">Diganth Sai Manjunatha<\/td>\n<td style=\"text-align: center;\">+:-<\/td>\n<td>Jesper Notzke<\/td>\n<\/tr>\n<tr>\n<td style=\"text-align: right;\">Maximilian Mieth<\/td>\n<td style=\"text-align: center;\">1-0<\/td>\n<td>Beeri Nisan<\/td>\n<\/tr>\n<tr>\n<td style=\"text-align: right;\">Oliver Otterson<\/td>\n<td style=\"text-align: center;\">1-0<\/td>\n<td>Avyukt Adusumalli<\/td>\n<\/tr>\n<tr>\n<td style=\"text-align: right;\">Mohamed Elkhedr<\/td>\n<td style=\"text-align: center;\">1-0<\/td>\n<td>Ben Schumacher<\/td>\n<\/tr>\n<tr>\n<td style=\"text-align: right;\">Adrian Mieth<\/td>\n<td style=\"text-align: center;\">1-0<\/td>\n<td>Kathan Patel<\/td>\n<\/tr>\n<tr>\n<td style=\"text-align: right;\">Reiner Linkies<\/td>\n<td style=\"text-align: center;\">1-0<\/td>\n<td>Anahit Babadshanjan<\/td>\n<\/tr>\n<tr>\n<td style=\"text-align: right;\">Luis Falk<\/td>\n<td style=\"text-align: center;\">1-0<\/td>\n<td>Mahin Patel<\/td>\n<\/tr>\n<\/tbody>\n<\/table>\n<\/div>\n<h5>Vierte Runde (18. Juli)<\/h5>\n<div style=\"width: 100%; overflow: auto; white-space: nowrap;\">\n<table class=\"table-compact\">\n<tbody>\n<tr>\n<th style=\"text-align: right;\">Wei\u00df<\/th>\n<th style=\"text-align: center;\">Ergebnis<\/th>\n<th>Schwarz<\/th>\n<\/tr>\n<tr>\n<td style=\"text-align: right;\">Martin Sechting<\/td>\n<td style=\"text-align: center;\">\u00bd \u2192 0-1<\/td>\n<td>Ralf Mohrmann<\/td>\n<\/tr>\n<tr>\n<td style=\"text-align: right;\">Max Hoyer<\/td>\n<td style=\"text-align: center;\">1-0<\/td>\n<td>Xiutian Cheng<\/td>\n<\/tr>\n<tr>\n<th style=\"text-align: center;\" colspan=\"3\">Schweizer Turnier<\/th>\n<\/tr>\n<tr>\n<td style=\"text-align: right;\">Ferdinand Skodlerack<\/td>\n<td style=\"text-align: center;\">-:+<\/td>\n<td>Cord Wischh\u00f6fer<\/td>\n<\/tr>\n<tr>\n<td style=\"text-align: right;\">Oliver Otterson<\/td>\n<td style=\"text-align: center;\">\u00bd-\u00bd<\/td>\n<td>Robert Radke<\/td>\n<\/tr>\n<tr>\n<td style=\"text-align: right;\">Diganth Sai Manjunatha<\/td>\n<td style=\"text-align: center;\">0-1<\/td>\n<td>Maximilian Mieth<\/td>\n<\/tr>\n<tr>\n<td style=\"text-align: right;\">Mohamed Elkhedr<\/td>\n<td style=\"text-align: center;\">+:-<\/td>\n<td>Adrian Mieth<\/td>\n<\/tr>\n<tr>\n<td style=\"text-align: right;\">Avyukt Adusumalli<\/td>\n<td style=\"text-align: center;\">0-1<\/td>\n<td>Jesper Notzke<\/td>\n<\/tr>\n<tr>\n<td style=\"text-align: right;\">Luis Falk<\/td>\n<td style=\"text-align: center;\">1-0<\/td>\n<td>Reiner Linkies<\/td>\n<\/tr>\n<tr>\n<td style=\"text-align: right;\">Ben Schumacher<\/td>\n<td style=\"text-align: center;\">1-0<\/td>\n<td>Beeri Nisan<\/td>\n<\/tr>\n<tr>\n<td style=\"text-align: right;\">Anahit Babadshanjan<\/td>\n<td style=\"text-align: center;\">\u00bd-\u00bd<\/td>\n<td>Mahin Patel<\/td>\n<\/tr>\n<tr>\n<td style=\"text-align: right;\">Simon Gemen<\/td>\n<td style=\"text-align: center;\">+:-<\/td>\n<td>Orhun Kercek<\/td>\n<\/tr>\n<tr>\n<td style=\"text-align: center;\" colspan=\"3\">Kathan Patel spielfrei<\/td>\n<\/tr>\n<\/tbody>\n<\/table>\n<\/div>\n<h5>F\u00fcnfte Runde (5. September)<\/h5>\n<div style=\"width: 100%; overflow: auto; white-space: nowrap;\">\n<table class=\"table-compact\">\n<tbody>\n<tr>\n<th style=\"text-align: right;\">Wei\u00df<\/th>\n<th style=\"text-align: center;\">Ergebnis<\/th>\n<th>Schwarz<\/th>\n<\/tr>\n<tr>\n<td style=\"text-align: right;\">Max Hoyer<\/td>\n<td style=\"text-align: center;\">\u00bd \u2192 0-1<\/td>\n<td>Ralf Mohrmann<\/td>\n<\/tr>\n<tr>\n<th style=\"text-align: center;\" colspan=\"3\">Schweizer Turnier<\/th>\n<\/tr>\n<tr>\n<td style=\"text-align: right;\">Mohamed Elkhedr<\/td>\n<td style=\"text-align: center;\">0-1<\/td>\n<td>Cord Wischh\u00f6fer<\/td>\n<\/tr>\n<tr>\n<td style=\"text-align: right;\">Maximilian Mieth<\/td>\n<td style=\"text-align: center;\">0-1<\/td>\n<td>Martin Sechting<\/td>\n<\/tr>\n<tr>\n<td style=\"text-align: right;\">Robert Radke<\/td>\n<td style=\"text-align: center;\">1-0<\/td>\n<td>Xiutian Cheng<\/td>\n<\/tr>\n<tr>\n<td style=\"text-align: right;\">Jesper Notzke<\/td>\n<td style=\"text-align: center;\">1-0<\/td>\n<td>Oliver Otterson<\/td>\n<\/tr>\n<tr>\n<td style=\"text-align: right;\">Diganth Sai Manjunatha<\/td>\n<td style=\"text-align: center;\">0-1<\/td>\n<td>Ben Schumacher<\/td>\n<\/tr>\n<tr>\n<td style=\"text-align: right;\">Ferdinand Skodlerack<\/td>\n<td style=\"text-align: center;\">-:+<\/td>\n<td>Luis Falk<\/td>\n<\/tr>\n<tr>\n<td style=\"text-align: right;\">Beeri Nisan<\/td>\n<td style=\"text-align: center;\">-:+<\/td>\n<td>Adrian Mieth<\/td>\n<\/tr>\n<tr>\n<td style=\"text-align: right;\">Kathan Patel<\/td>\n<td style=\"text-align: center;\">0-1<\/td>\n<td>Reiner Linkies<\/td>\n<\/tr>\n<tr>\n<td style=\"text-align: right;\">Simon Gemen<\/td>\n<td style=\"text-align: center;\">1-0<\/td>\n<td>Avyukt Adusumalli<\/td>\n<\/tr>\n<tr>\n<td style=\"text-align: center;\" colspan=\"3\">Mahin Patel spielfrei<\/td>\n<\/tr>\n<\/tbody>\n<\/table>\n<\/div>\n<h5>Punktestand<\/h5>\n<div style=\"width: 100%; overflow: auto; white-space: nowrap;\">\n<table class=\"table-compact\">\n<tbody>\n<tr>\n<th style=\"text-align: right;\">Rang<\/th>\n<th>Name<\/th>\n<th style=\"text-align: right;\">Punkte<\/th>\n<th style=\"text-align: right;\">Buchholz-Punkte<\/th>\n<\/tr>\n<tr>\n<td style=\"text-align:right;\">1<\/td>\n<td>Ralf Mohrmann<\/td>\n<td style=\"text-align:right;\">5<\/td>\n<td style=\"text-align:right;\">16\u00bd<\/td>\n<\/tr>\n<tr>\n<td style=\"text-align:right;\">2<\/td>\n<td>Max Hoyer<\/td>\n<td style=\"text-align:right;\">4<\/td>\n<td style=\"text-align:right;\">14\u00bd*<\/td>\n<\/tr>\n<tr>\n<td style=\"text-align:right;\">3<\/td>\n<td>Martin Sechting<\/td>\n<td style=\"text-align:right;\">4<\/td>\n<td style=\"text-align:right;\">19<\/td>\n<\/tr>\n<tr>\n<td style=\"text-align:right;\">4<\/td>\n<td>Cord Wischh\u00f6fer<\/td>\n<td style=\"text-align:right;\">4<\/td>\n<td style=\"text-align:right;\">16<\/td>\n<\/tr>\n<tr>\n<td style=\"text-align:right;\">5<\/td>\n<td>Robert Radke<\/td>\n<td style=\"text-align:right;\">3\u00bd<\/td>\n<td style=\"text-align:right;\">13\u00bd<\/td>\n<\/tr>\n<tr>\n<td style=\"text-align:right;\">6<\/td>\n<td>Mohamed Elkhedr<\/td>\n<td style=\"text-align:right;\">3<\/td>\n<td style=\"text-align:right;\">17<\/td>\n<\/tr>\n<tr>\n<td style=\"text-align:right;\">7<\/td>\n<td>Jesper Notzke<\/td>\n<td style=\"text-align:right;\">3<\/td>\n<td style=\"text-align:right;\">14\u00bd<\/td>\n<\/tr>\n<tr>\n<td style=\"text-align:right;\">8<\/td>\n<td>Xiutian Cheng<\/td>\n<td style=\"text-align:right;\">3<\/td>\n<td style=\"text-align:right;\">13\u00bd<\/td>\n<\/tr>\n<tr>\n<td style=\"text-align:right;\">9<\/td>\n<td>Maximilian Mieth<\/td>\n<td style=\"text-align:right;\">3<\/td>\n<td style=\"text-align:right;\">13<\/td>\n<\/tr>\n<tr>\n<td style=\"text-align:right;\">10<\/td>\n<td>Luis Falk<\/td>\n<td style=\"text-align:right;\">3<\/td>\n<td style=\"text-align:right;\">12\u00bd<\/td>\n<\/tr>\n<tr>\n<td style=\"text-align:right;\">11<\/td>\n<td>Ben Schumacher<\/td>\n<td style=\"text-align:right;\">3<\/td>\n<td style=\"text-align:right;\">9\u00bd<\/td>\n<\/tr>\n<tr>\n<td style=\"text-align:right;\">12<\/td>\n<td>Oliver Otterson<\/td>\n<td style=\"text-align:right;\">2\u00bd<\/td>\n<td style=\"text-align:right;\">13\u00bd<\/td>\n<\/tr>\n<tr>\n<td style=\"text-align:right;\">13<\/td>\n<td>Adrian Mieth<\/td>\n<td style=\"text-align:right;\">2\u00bd<\/td>\n<td style=\"text-align:right;\">11\u00bd<\/td>\n<\/tr>\n<tr>\n<td style=\"text-align:right;\">14<\/td>\n<td>Martin D\u00f6ring<\/td>\n<td style=\"text-align:right;\">2<\/td>\n<td style=\"text-align:right;\">14\u00bd<\/td>\n<\/tr>\n<tr>\n<td style=\"text-align:right;\">15<\/td>\n<td>Diganth Sai Manjunatha<\/td>\n<td style=\"text-align:right;\">2<\/td>\n<td style=\"text-align:right;\">11\u00bd<\/td>\n<\/tr>\n<tr>\n<td style=\"text-align:right;\">16<\/td>\n<td>Ferdinand Skodlerack<\/td>\n<td style=\"text-align:right;\">2<\/td>\n<td style=\"text-align:right;\">11<\/td>\n<\/tr>\n<tr>\n<td style=\"text-align:right;\">17<\/td>\n<td>Reiner Linkies<\/td>\n<td style=\"text-align:right;\">2<\/td>\n<td style=\"text-align:right;\">10<\/td>\n<\/tr>\n<tr>\n<td style=\"text-align:right;\">18<\/td>\n<td>Simon Gemen<\/td>\n<td style=\"text-align:right;\">2<\/td>\n<td style=\"text-align:right;\">9\u00bd<\/td>\n<\/tr>\n<tr>\n<td style=\"text-align:right;\">19<\/td>\n<td>Mahin Patel<\/td>\n<td style=\"text-align:right;\">1\u00bd<\/td>\n<td style=\"text-align:right;\">9<\/td>\n<\/tr>\n<tr>\n<td style=\"text-align:right;\">20<\/td>\n<td>Beeri Nisan<\/td>\n<td style=\"text-align:right;\">1<\/td>\n<td style=\"text-align:right;\">12\u00bd<\/td>\n<\/tr>\n<tr>\n<td style=\"text-align:right;\">20<\/td>\n<td>Avyukt Adusumalli<\/td>\n<td style=\"text-align:right;\">1<\/td>\n<td style=\"text-align:right;\">12\u00bd<\/td>\n<\/tr>\n<tr>\n<td style=\"text-align:right;\">22<\/td>\n<td>Joachim Li\u00dfner<\/td>\n<td style=\"text-align:right;\">1<\/td>\n<td style=\"text-align:right;\">11<\/td>\n<\/tr>\n<tr>\n<td style=\"text-align:right;\">22<\/td>\n<td>Kathan Patel<\/td>\n<td style=\"text-align:right;\">1<\/td>\n<td style=\"text-align:right;\">11<\/td>\n<\/tr>\n<tr>\n<td style=\"text-align:right;\">22<\/td>\n<td>Anahit Babadshanjan<\/td>\n<td style=\"text-align:right;\">1<\/td>\n<td style=\"text-align:right;\">11<\/td>\n<\/tr>\n<tr>\n<td style=\"text-align:right;\">25<\/td>\n<td>Dennis Bertuch<\/td>\n<td style=\"text-align:right;\">1<\/td>\n<td style=\"text-align:right;\">8\u00bd<\/td>\n<\/tr>\n<tr>\n<td style=\"text-align:right;\">26<\/td>\n<td>Oliver H\u00f6lscher<\/td>\n<td style=\"text-align:right;\">1<\/td>\n<td style=\"text-align:right;\">8<\/td>\n<\/tr>\n<tr>\n<td style=\"text-align:right;\">27<\/td>\n<td>Carsten Miemietz<\/td>\n<td style=\"text-align:right;\">1<\/td>\n<td style=\"text-align:right;\">5<\/td>\n<\/tr>\n<tr>\n<td style=\"text-align:right;\">28<\/td>\n<td>Johannes St\u00f6ckel<\/td>\n<td style=\"text-align:right;\">0<\/td>\n<td style=\"text-align:right;\">2\u00bd<\/td>\n<\/tr>\n<tr>\n<td style=\"text-align:right;\">28<\/td>\n<td>Konrad Wozniak<\/td>\n<td style=\"text-align:right;\">0<\/td>\n<td style=\"text-align:right;\">2\u00bd<\/td>\n<\/tr>\n<tr>\n<td style=\"text-align:right;\">30<\/td>\n<td>Orhun Kercek<\/td>\n<td style=\"text-align:right;\">0<\/td>\n<td style=\"text-align:right;\">0<\/td>\n<\/tr>\n<\/tbody>\n<\/table>\n<\/div>\n<p>* Zweitplatzierter wegen Finalqualifikation<\/p>\n","protected":false},"excerpt":{"rendered":"<p>Der Otto-Christ-Pokal ist ein j\u00e4hrlich ausgetragenes Turnier im KO-System, hei\u00dft: Wer eine Partie verliert, scheidet aus. Bei Remis wird direkt im Anschluss eine Schnellschachpartie mit vertauschten Farben gespielt, bei erneutem &hellip; <a href=\"http:\/\/sc-weisse-dame.de\/v3\/spielbetrieb\/clubpokal\/clubpokal-2025\/\" class=\"more-link\"><span class=\"screen-reader-text\">Otto-Christ-Pokal 2025<\/span> weiterlesen <span class=\"meta-nav\">&rarr;<\/span><\/a><\/p>\n","protected":false},"author":42,"featured_media":0,"parent":1087,"menu_order":0,"comment_status":"closed","ping_status":"closed","template":"","meta":{"_price":"","_stock":"","_tribe_ticket_header":"","_tribe_default_ticket_provider":"","_tribe_ticket_capacity":"0","_ticket_start_date":"","_ticket_end_date":"","_tribe_ticket_show_description":"","_tribe_ticket_show_not_going":false,"_tribe_ticket_use_global_stock":"","_tribe_ticket_global_stock_level":"","_global_stock_mode":"","_global_stock_cap":"","_tribe_rsvp_for_event":"","_tribe_ticket_going_count":"","_tribe_ticket_not_going_count":"","_tribe_tickets_list":"[]","_tribe_ticket_has_attendee_info_fields":false,"footnotes":"","_tec_slr_enabled":"","_tec_slr_layout":""},"coauthors":[194],"class_list":["post-31899","page","type-page","status-publish","hentry"],"yoast_head":"<!-- This site is optimized with the Yoast SEO plugin v27.3 - https:\/\/yoast.com\/product\/yoast-seo-wordpress\/ -->\n<title>Otto-Christ-Pokal 2025 - SC Weisse Dame e. V.<\/title>\n<meta name=\"robots\" content=\"index, follow, max-snippet:-1, max-image-preview:large, max-video-preview:-1\" \/>\n<link rel=\"canonical\" href=\"http:\/\/sc-weisse-dame.de\/v3\/spielbetrieb\/clubpokal\/clubpokal-2025\/\" \/>\n<meta property=\"og:locale\" content=\"de_DE\" \/>\n<meta property=\"og:type\" content=\"article\" \/>\n<meta property=\"og:title\" content=\"Otto-Christ-Pokal 2025 - SC Weisse Dame e. V.\" \/>\n<meta property=\"og:description\" content=\"Der Otto-Christ-Pokal ist ein j\u00e4hrlich ausgetragenes Turnier im KO-System, hei\u00dft: Wer eine Partie verliert, scheidet aus. Bei Remis wird direkt im Anschluss eine Schnellschachpartie mit vertauschten Farben gespielt, bei erneutem &hellip; Otto-Christ-Pokal 2025 weiterlesen &rarr;\" \/>\n<meta property=\"og:url\" content=\"http:\/\/sc-weisse-dame.de\/v3\/spielbetrieb\/clubpokal\/clubpokal-2025\/\" \/>\n<meta property=\"og:site_name\" content=\"SC Weisse Dame e. V.\" \/>\n<meta property=\"article:modified_time\" content=\"2025-09-26T19:56:51+00:00\" \/>\n<meta name=\"twitter:card\" content=\"summary_large_image\" \/>\n<meta name=\"twitter:label1\" content=\"Gesch\u00e4tzte Lesezeit\" \/>\n\t<meta name=\"twitter:data1\" content=\"4\u00a0Minuten\" \/>\n\t<meta name=\"twitter:label2\" content=\"Written by\" \/>\n\t<meta name=\"twitter:data2\" content=\"Dennis Bertuch\" \/>\n<script type=\"application\/ld+json\" class=\"yoast-schema-graph\">{\"@context\":\"https:\\\/\\\/schema.org\",\"@graph\":[{\"@type\":\"WebPage\",\"@id\":\"http:\\\/\\\/sc-weisse-dame.de\\\/v3\\\/spielbetrieb\\\/clubpokal\\\/clubpokal-2025\\\/\",\"url\":\"http:\\\/\\\/sc-weisse-dame.de\\\/v3\\\/spielbetrieb\\\/clubpokal\\\/clubpokal-2025\\\/\",\"name\":\"Otto-Christ-Pokal 2025 - SC Weisse Dame e. V.\",\"isPartOf\":{\"@id\":\"http:\\\/\\\/sc-weisse-dame.de\\\/v3\\\/#website\"},\"datePublished\":\"2025-04-10T13:00:09+00:00\",\"dateModified\":\"2025-09-26T19:56:51+00:00\",\"breadcrumb\":{\"@id\":\"http:\\\/\\\/sc-weisse-dame.de\\\/v3\\\/spielbetrieb\\\/clubpokal\\\/clubpokal-2025\\\/#breadcrumb\"},\"inLanguage\":\"de\",\"potentialAction\":[{\"@type\":\"ReadAction\",\"target\":[\"http:\\\/\\\/sc-weisse-dame.de\\\/v3\\\/spielbetrieb\\\/clubpokal\\\/clubpokal-2025\\\/\"]}]},{\"@type\":\"BreadcrumbList\",\"@id\":\"http:\\\/\\\/sc-weisse-dame.de\\\/v3\\\/spielbetrieb\\\/clubpokal\\\/clubpokal-2025\\\/#breadcrumb\",\"itemListElement\":[{\"@type\":\"ListItem\",\"position\":1,\"name\":\"Startseite\",\"item\":\"http:\\\/\\\/sc-weisse-dame.de\\\/v3\\\/\"},{\"@type\":\"ListItem\",\"position\":2,\"name\":\"Spielbetrieb\",\"item\":\"http:\\\/\\\/sc-weisse-dame.de\\\/v3\\\/spielbetrieb\\\/\"},{\"@type\":\"ListItem\",\"position\":3,\"name\":\"&#8222;Otto-Christ-Pokal&#8220; (OCP)\",\"item\":\"http:\\\/\\\/sc-weisse-dame.de\\\/v3\\\/spielbetrieb\\\/clubpokal\\\/\"},{\"@type\":\"ListItem\",\"position\":4,\"name\":\"Otto-Christ-Pokal 2025\"}]},{\"@type\":\"WebSite\",\"@id\":\"http:\\\/\\\/sc-weisse-dame.de\\\/v3\\\/#website\",\"url\":\"http:\\\/\\\/sc-weisse-dame.de\\\/v3\\\/\",\"name\":\"SC Weisse Dame e. V.\",\"description\":\"Herzlich Willkommen!\",\"potentialAction\":[{\"@type\":\"SearchAction\",\"target\":{\"@type\":\"EntryPoint\",\"urlTemplate\":\"http:\\\/\\\/sc-weisse-dame.de\\\/v3\\\/?s={search_term_string}\"},\"query-input\":{\"@type\":\"PropertyValueSpecification\",\"valueRequired\":true,\"valueName\":\"search_term_string\"}}],\"inLanguage\":\"de\"}]}<\/script>\n<!-- \/ Yoast SEO plugin. -->","yoast_head_json":{"title":"Otto-Christ-Pokal 2025 - SC Weisse Dame e. V.","robots":{"index":"index","follow":"follow","max-snippet":"max-snippet:-1","max-image-preview":"max-image-preview:large","max-video-preview":"max-video-preview:-1"},"canonical":"http:\/\/sc-weisse-dame.de\/v3\/spielbetrieb\/clubpokal\/clubpokal-2025\/","og_locale":"de_DE","og_type":"article","og_title":"Otto-Christ-Pokal 2025 - SC Weisse Dame e. V.","og_description":"Der Otto-Christ-Pokal ist ein j\u00e4hrlich ausgetragenes Turnier im KO-System, hei\u00dft: Wer eine Partie verliert, scheidet aus. Bei Remis wird direkt im Anschluss eine Schnellschachpartie mit vertauschten Farben gespielt, bei erneutem &hellip; Otto-Christ-Pokal 2025 weiterlesen &rarr;","og_url":"http:\/\/sc-weisse-dame.de\/v3\/spielbetrieb\/clubpokal\/clubpokal-2025\/","og_site_name":"SC Weisse Dame e. V.","article_modified_time":"2025-09-26T19:56:51+00:00","twitter_card":"summary_large_image","twitter_misc":{"Gesch\u00e4tzte Lesezeit":"4\u00a0Minuten","Written by":"Dennis Bertuch"},"schema":{"@context":"https:\/\/schema.org","@graph":[{"@type":"WebPage","@id":"http:\/\/sc-weisse-dame.de\/v3\/spielbetrieb\/clubpokal\/clubpokal-2025\/","url":"http:\/\/sc-weisse-dame.de\/v3\/spielbetrieb\/clubpokal\/clubpokal-2025\/","name":"Otto-Christ-Pokal 2025 - SC Weisse Dame e. V.","isPartOf":{"@id":"http:\/\/sc-weisse-dame.de\/v3\/#website"},"datePublished":"2025-04-10T13:00:09+00:00","dateModified":"2025-09-26T19:56:51+00:00","breadcrumb":{"@id":"http:\/\/sc-weisse-dame.de\/v3\/spielbetrieb\/clubpokal\/clubpokal-2025\/#breadcrumb"},"inLanguage":"de","potentialAction":[{"@type":"ReadAction","target":["http:\/\/sc-weisse-dame.de\/v3\/spielbetrieb\/clubpokal\/clubpokal-2025\/"]}]},{"@type":"BreadcrumbList","@id":"http:\/\/sc-weisse-dame.de\/v3\/spielbetrieb\/clubpokal\/clubpokal-2025\/#breadcrumb","itemListElement":[{"@type":"ListItem","position":1,"name":"Startseite","item":"http:\/\/sc-weisse-dame.de\/v3\/"},{"@type":"ListItem","position":2,"name":"Spielbetrieb","item":"http:\/\/sc-weisse-dame.de\/v3\/spielbetrieb\/"},{"@type":"ListItem","position":3,"name":"&#8222;Otto-Christ-Pokal&#8220; (OCP)","item":"http:\/\/sc-weisse-dame.de\/v3\/spielbetrieb\/clubpokal\/"},{"@type":"ListItem","position":4,"name":"Otto-Christ-Pokal 2025"}]},{"@type":"WebSite","@id":"http:\/\/sc-weisse-dame.de\/v3\/#website","url":"http:\/\/sc-weisse-dame.de\/v3\/","name":"SC Weisse Dame e. V.","description":"Herzlich Willkommen!","potentialAction":[{"@type":"SearchAction","target":{"@type":"EntryPoint","urlTemplate":"http:\/\/sc-weisse-dame.de\/v3\/?s={search_term_string}"},"query-input":{"@type":"PropertyValueSpecification","valueRequired":true,"valueName":"search_term_string"}}],"inLanguage":"de"}]}},"ticketed":false,"_links":{"self":[{"href":"http:\/\/sc-weisse-dame.de\/v3\/wp-json\/wp\/v2\/pages\/31899","targetHints":{"allow":["GET"]}}],"collection":[{"href":"http:\/\/sc-weisse-dame.de\/v3\/wp-json\/wp\/v2\/pages"}],"about":[{"href":"http:\/\/sc-weisse-dame.de\/v3\/wp-json\/wp\/v2\/types\/page"}],"author":[{"embeddable":true,"href":"http:\/\/sc-weisse-dame.de\/v3\/wp-json\/wp\/v2\/users\/42"}],"replies":[{"embeddable":true,"href":"http:\/\/sc-weisse-dame.de\/v3\/wp-json\/wp\/v2\/comments?post=31899"}],"version-history":[{"count":10,"href":"http:\/\/sc-weisse-dame.de\/v3\/wp-json\/wp\/v2\/pages\/31899\/revisions"}],"predecessor-version":[{"id":32072,"href":"http:\/\/sc-weisse-dame.de\/v3\/wp-json\/wp\/v2\/pages\/31899\/revisions\/32072"}],"up":[{"embeddable":true,"href":"http:\/\/sc-weisse-dame.de\/v3\/wp-json\/wp\/v2\/pages\/1087"}],"wp:attachment":[{"href":"http:\/\/sc-weisse-dame.de\/v3\/wp-json\/wp\/v2\/media?parent=31899"}],"wp:term":[{"taxonomy":"author","embeddable":true,"href":"http:\/\/sc-weisse-dame.de\/v3\/wp-json\/wp\/v2\/coauthors?post=31899"}],"curies":[{"name":"wp","href":"https:\/\/api.w.org\/{rel}","templated":true}]}}