{"id":18158,"date":"2020-11-29T19:38:38","date_gmt":"2020-11-29T18:38:38","guid":{"rendered":"http:\/\/sc-weisse-dame.de\/v3\/?page_id=18158"},"modified":"2020-11-30T23:37:06","modified_gmt":"2020-11-30T22:37:06","slug":"adventskalender-2020","status":"publish","type":"page","link":"http:\/\/sc-weisse-dame.de\/v3\/dies-und-das\/adventskalender-2020\/","title":{"rendered":"Adventskalender 2020"},"content":{"rendered":"\n\t\n    <div id=\"wp-advent-wrapper\"\n         class=\"year-2020 calendar-adventskalender\">\n        <ul id=\"wp-advent-calendar\" style=\"background-image: url(http:\/\/sc-weisse-dame.de\/v3\/wp-content\/uploads\/2020\/11\/2020-Adventskalender-Hintergrund.jpg);\">\n\t\t\t\t\t\t\t\t\t\t\t\n\t\t\t\t\t                        <li class=\"day-18169 status-publish\">\n                            <a href=\"http:\/\/sc-weisse-dame.de\/v3\/sheet\/03-12-2020\/\" class=\"calendar-sheet js-calendar-sheet-0\">\n\t\t\t\t\t\t\t\t3                            <\/a>\n                        <\/li>\n\t\t\t\t\t\t\t\t\t\t\t\t\t\t\t\t\t\t\t\t\n\t\t\t\t\t                        <li class=\"day-18167 status-publish\">\n                            <a href=\"http:\/\/sc-weisse-dame.de\/v3\/sheet\/02-12-2020\/\" class=\"calendar-sheet js-calendar-sheet-1\">\n\t\t\t\t\t\t\t\t2                            <\/a>\n                        <\/li>\n\t\t\t\t\t\t\t\t\t\t\t\t\t\t\t\t\t\t\t\t\n\t\t\t\t\t                        <li class=\"day-18198 status-publish\">\n                            <a href=\"http:\/\/sc-weisse-dame.de\/v3\/sheet\/13-12-2020\/\" class=\"calendar-sheet js-calendar-sheet-2\">\n\t\t\t\t\t\t\t\t13                            <\/a>\n                        <\/li>\n\t\t\t\t\t\t\t\t\t\t\t\t\t\t\t\t\t\t\t\t\n\t\t\t\t\t                        <li class=\"day-18192 status-publish\">\n                            <a href=\"http:\/\/sc-weisse-dame.de\/v3\/sheet\/10-12-2020\/\" class=\"calendar-sheet js-calendar-sheet-3\">\n\t\t\t\t\t\t\t\t10                            <\/a>\n                        <\/li>\n\t\t\t\t\t\t\t\t\t\t\t\t\t\t\t\t\t\t\t\t\n\t\t\t\t\t                        <li class=\"day-18171 status-publish\">\n                            <a href=\"http:\/\/sc-weisse-dame.de\/v3\/sheet\/04-12-2020\/\" class=\"calendar-sheet js-calendar-sheet-4\">\n\t\t\t\t\t\t\t\t4                            <\/a>\n                        <\/li>\n\t\t\t\t\t\t\t\t\t\t\t\t\t\t\t\t\t\t\t\t\n\t\t\t\t\t                        <li class=\"day-18202 status-publish\">\n                            <a href=\"http:\/\/sc-weisse-dame.de\/v3\/sheet\/15-12-2020\/\" class=\"calendar-sheet js-calendar-sheet-5\">\n\t\t\t\t\t\t\t\t15                            <\/a>\n                        <\/li>\n\t\t\t\t\t\t\t\t\t\t\t\t\t\t\t\t\t\t\t\t\n\t\t\t\t\t                        <li class=\"day-18183 status-publish\">\n                            <a href=\"http:\/\/sc-weisse-dame.de\/v3\/sheet\/06-12-2020\/\" class=\"calendar-sheet js-calendar-sheet-6\">\n\t\t\t\t\t\t\t\t6                            <\/a>\n                        <\/li>\n\t\t\t\t\t\t\t\t\t\t\t\t\t\t\t\t\t\t\t\t\n\t\t\t\t\t                        <li class=\"day-18200 status-publish\">\n                            <a href=\"http:\/\/sc-weisse-dame.de\/v3\/sheet\/14-12-2020\/\" class=\"calendar-sheet js-calendar-sheet-7\">\n\t\t\t\t\t\t\t\t14                            <\/a>\n                        <\/li>\n\t\t\t\t\t\t\t\t\t\t\t\t\t\t\t\t\t\t\t\t\n\t\t\t\t\t                        <li class=\"day-18220 status-publish\">\n                            <a href=\"http:\/\/sc-weisse-dame.de\/v3\/sheet\/24-12-2020\/\" class=\"calendar-sheet js-calendar-sheet-8\">\n\t\t\t\t\t\t\t\t24                            <\/a>\n                        <\/li>\n\t\t\t\t\t\t\t\t\t\t\t\t\t\t\t\t\t\t\t\t\n\t\t\t\t\t                        <li class=\"day-18185 status-publish\">\n                            <a href=\"http:\/\/sc-weisse-dame.de\/v3\/sheet\/07-12-2020\/\" class=\"calendar-sheet js-calendar-sheet-9\">\n\t\t\t\t\t\t\t\t7                            <\/a>\n                        <\/li>\n\t\t\t\t\t\t\t\t\t\t\t\t\t\t\t\t\t\t\t\t\n\t\t\t\t\t                        <li class=\"day-18181 status-publish\">\n                            <a href=\"http:\/\/sc-weisse-dame.de\/v3\/sheet\/05-12-2020\/\" class=\"calendar-sheet js-calendar-sheet-10\">\n\t\t\t\t\t\t\t\t5                            <\/a>\n                        <\/li>\n\t\t\t\t\t\t\t\t\t\t\t\t\t\t\t\t\t\t\t\t\n\t\t\t\t\t                        <li class=\"day-18190 status-publish\">\n                            <a href=\"http:\/\/sc-weisse-dame.de\/v3\/sheet\/09-12-2020\/\" class=\"calendar-sheet js-calendar-sheet-11\">\n\t\t\t\t\t\t\t\t9                            <\/a>\n                        <\/li>\n\t\t\t\t\t\t\t\t\t\t\t\t\t\t\t\t\t\t\t\t\n\t\t\t\t\t                        <li class=\"day-18188 status-publish\">\n                            <a href=\"http:\/\/sc-weisse-dame.de\/v3\/sheet\/08-12-2020\/\" class=\"calendar-sheet js-calendar-sheet-12\">\n\t\t\t\t\t\t\t\t8                            <\/a>\n                        <\/li>\n\t\t\t\t\t\t\t\t\t\t\t\t\t\t\t\t\t\t\t\t\n\t\t\t\t\t                        <li class=\"day-18214 status-publish\">\n                            <a href=\"http:\/\/sc-weisse-dame.de\/v3\/sheet\/21-12-2020\/\" class=\"calendar-sheet js-calendar-sheet-13\">\n\t\t\t\t\t\t\t\t21                            <\/a>\n                        <\/li>\n\t\t\t\t\t\t\t\t\t\t\t\t\t\t\t\t\t\t\t\t\n\t\t\t\t\t                        <li class=\"day-18206 status-publish\">\n                            <a href=\"http:\/\/sc-weisse-dame.de\/v3\/sheet\/17-12-2020\/\" class=\"calendar-sheet js-calendar-sheet-14\">\n\t\t\t\t\t\t\t\t17                            <\/a>\n                        <\/li>\n\t\t\t\t\t\t\t\t\t\t\t\t\t\t\t\t\t\t\t\t\n\t\t\t\t\t                        <li class=\"day-18204 status-publish\">\n                            <a href=\"http:\/\/sc-weisse-dame.de\/v3\/sheet\/16-12-2020\/\" class=\"calendar-sheet js-calendar-sheet-15\">\n\t\t\t\t\t\t\t\t16                            <\/a>\n                        <\/li>\n\t\t\t\t\t\t\t\t\t\t\t\t\t\t\t\t\t\t\t\t\n\t\t\t\t\t                        <li class=\"day-18208 status-publish\">\n                            <a href=\"http:\/\/sc-weisse-dame.de\/v3\/sheet\/18-12-2020\/\" class=\"calendar-sheet js-calendar-sheet-16\">\n\t\t\t\t\t\t\t\t18                            <\/a>\n                        <\/li>\n\t\t\t\t\t\t\t\t\t\t\t\t\t\t\t\t\t\t\t\t\n\t\t\t\t\t                        <li class=\"day-18194 status-publish\">\n                            <a href=\"http:\/\/sc-weisse-dame.de\/v3\/sheet\/11-12-2020\/\" class=\"calendar-sheet js-calendar-sheet-17\">\n\t\t\t\t\t\t\t\t11                            <\/a>\n                        <\/li>\n\t\t\t\t\t\t\t\t\t\t\t\t\t\t\t\t\t\t\t\t\n\t\t\t\t\t                        <li class=\"day-18160 status-publish\">\n                            <a href=\"http:\/\/sc-weisse-dame.de\/v3\/sheet\/01-12-2020\/\" class=\"calendar-sheet js-calendar-sheet-18\">\n\t\t\t\t\t\t\t\t1                            <\/a>\n                        <\/li>\n\t\t\t\t\t\t\t\t\t\t\t\t\t\t\t\t\t\t\t\t\n\t\t\t\t\t                        <li class=\"day-18210 status-publish\">\n                            <a href=\"http:\/\/sc-weisse-dame.de\/v3\/sheet\/19-12-2020\/\" class=\"calendar-sheet js-calendar-sheet-19\">\n\t\t\t\t\t\t\t\t19                            <\/a>\n                        <\/li>\n\t\t\t\t\t\t\t\t\t\t\t\t\t\t\t\t\t\t\t\t\n\t\t\t\t\t                        <li class=\"day-18212 status-publish\">\n                            <a href=\"http:\/\/sc-weisse-dame.de\/v3\/sheet\/20-12-2020\/\" class=\"calendar-sheet js-calendar-sheet-20\">\n\t\t\t\t\t\t\t\t20                            <\/a>\n                        <\/li>\n\t\t\t\t\t\t\t\t\t\t\t\t\t\t\t\t\t\t\t\t\n\t\t\t\t\t                        <li class=\"day-18218 status-publish\">\n                            <a href=\"http:\/\/sc-weisse-dame.de\/v3\/sheet\/23-12-2020\/\" class=\"calendar-sheet js-calendar-sheet-21\">\n\t\t\t\t\t\t\t\t23                            <\/a>\n                        <\/li>\n\t\t\t\t\t\t\t\t\t\t\t\t\t\t\t\t\t\t\t\t\n\t\t\t\t\t                        <li class=\"day-18196 status-publish\">\n                            <a href=\"http:\/\/sc-weisse-dame.de\/v3\/sheet\/12-12-2020\/\" class=\"calendar-sheet js-calendar-sheet-22\">\n\t\t\t\t\t\t\t\t12                            <\/a>\n                        <\/li>\n\t\t\t\t\t\t\t\t\t\t\t\t\t\t\t\t\t\t\t\t\n\t\t\t\t\t                        <li class=\"day-18216 status-publish\">\n                            <a href=\"http:\/\/sc-weisse-dame.de\/v3\/sheet\/22-12-2020\/\" class=\"calendar-sheet js-calendar-sheet-23\">\n\t\t\t\t\t\t\t\t22                            <\/a>\n                        <\/li>\n\t\t\t\t\t\t\t\t\t\t\t\t        <\/ul>\n    <\/div>\n\n\n\n\n<p>Die L\u00f6sungen k\u00f6nnen bis 24:00 Uhr des jeweiligen Tages unter <a href=\"http:\/\/mailto@2.vorsitzender@sc-weisse-dame.de\">2.vorsitzender@sc-weisse-dame.de <\/a>eingereicht werden.<br>Die Gewinner erhalten Sachpreise; je nach Teilnehmer:innen werden verschiedene Gruppen gebildet (bspw. Erwachsene, Jugendliche, Kinder, &#8230;).<br>Die Kategorien werden sp\u00e4testens am 12.12. an dieser Stelle bekanntgegeben.<\/p>\n\n\n\n<hr class=\"wp-block-separator is-style-wide\"\/>\n\n\n\n<p>Wir bedanken uns recht herzlich bei Heinz D\u00e4ubler, der allein 18 Aufgaben selbst komponiert hat. Gerne weisen wir an dieser Stelle auf sein Angebot an Schachb\u00fcchern hin: Die Reihe &#8222;Knifflige Schachaufgaben&#8220; enth\u00e4lt rund 1.900 Problemschachaufgaben insbesondere auch f\u00fcr Freizeitschachspieler &#8211; unter anderem auch etliche der Weihnachtsb\u00e4ume. Au\u00dferdem betreibt er ein Antiquariat, in welchem einige Schachb\u00fccher mit 50% Rabatt erworben werden k\u00f6nnen.<br>&#8211; <a href=\"http:\/\/www.albinoschach.de\/Joomla\/\">Link zur Buchreihe &#8222;Knifflige Schachaufgaben&#8220;<\/a><br>&#8211; <a href=\"https:\/\/www.sf-haselmuehl-amberg.de\/index.php\/rubriken\/daeubler-s-schach-antiquariat\">Link zum Schachantiquariat<\/a><\/p>\n","protected":false},"excerpt":{"rendered":"<p>Die L\u00f6sungen k\u00f6nnen bis 24:00 Uhr des jeweiligen Tages unter 2.vorsitzender@sc-weisse-dame.de eingereicht werden.Die Gewinner erhalten Sachpreise; je nach Teilnehmer:innen werden verschiedene Gruppen gebildet (bspw. Erwachsene, Jugendliche, Kinder, &#8230;).Die Kategorien werden &hellip; <a href=\"http:\/\/sc-weisse-dame.de\/v3\/dies-und-das\/adventskalender-2020\/\" class=\"more-link\"><span class=\"screen-reader-text\">Adventskalender 2020<\/span> weiterlesen <span class=\"meta-nav\">&rarr;<\/span><\/a><\/p>\n","protected":false},"author":10,"featured_media":0,"parent":1078,"menu_order":0,"comment_status":"closed","ping_status":"closed","template":"","meta":{"_price":"","_stock":"","_tribe_ticket_header":"","_tribe_default_ticket_provider":"","_tribe_ticket_capacity":"0","_ticket_start_date":"","_ticket_end_date":"","_tribe_ticket_show_description":"","_tribe_ticket_show_not_going":false,"_tribe_ticket_use_global_stock":"","_tribe_ticket_global_stock_level":"","_global_stock_mode":"","_global_stock_cap":"","_tribe_rsvp_for_event":"","_tribe_ticket_going_count":"","_tribe_ticket_not_going_count":"","_tribe_tickets_list":"[]","_tribe_ticket_has_attendee_info_fields":false,"footnotes":"","_tec_slr_enabled":"","_tec_slr_layout":""},"coauthors":[52],"class_list":["post-18158","page","type-page","status-publish","hentry"],"yoast_head":"<!-- This site is optimized with the Yoast SEO plugin v27.3 - https:\/\/yoast.com\/product\/yoast-seo-wordpress\/ -->\n<title>Adventskalender 2020 - SC Weisse Dame e. V.<\/title>\n<meta name=\"robots\" content=\"index, follow, max-snippet:-1, max-image-preview:large, max-video-preview:-1\" \/>\n<link rel=\"canonical\" href=\"http:\/\/sc-weisse-dame.de\/v3\/dies-und-das\/adventskalender-2020\/\" \/>\n<meta property=\"og:locale\" content=\"de_DE\" \/>\n<meta property=\"og:type\" content=\"article\" \/>\n<meta property=\"og:title\" content=\"Adventskalender 2020 - SC Weisse Dame e. V.\" \/>\n<meta property=\"og:description\" content=\"Die L\u00f6sungen k\u00f6nnen bis 24:00 Uhr des jeweiligen Tages unter 2.vorsitzender@sc-weisse-dame.de eingereicht werden.Die Gewinner erhalten Sachpreise; je nach Teilnehmer:innen werden verschiedene Gruppen gebildet (bspw. Erwachsene, Jugendliche, Kinder, &#8230;).Die Kategorien werden &hellip; Adventskalender 2020 weiterlesen &rarr;\" \/>\n<meta property=\"og:url\" content=\"http:\/\/sc-weisse-dame.de\/v3\/dies-und-das\/adventskalender-2020\/\" \/>\n<meta property=\"og:site_name\" content=\"SC Weisse Dame e. V.\" \/>\n<meta property=\"article:modified_time\" content=\"2020-11-30T22:37:06+00:00\" \/>\n<meta name=\"twitter:card\" content=\"summary_large_image\" \/>\n<meta name=\"twitter:label1\" content=\"Gesch\u00e4tzte Lesezeit\" \/>\n\t<meta name=\"twitter:data1\" content=\"1\u00a0Minute\" \/>\n\t<meta name=\"twitter:label2\" content=\"Written by\" \/>\n\t<meta name=\"twitter:data2\" content=\"Claudia M\u00fcnstermann\" \/>\n<script type=\"application\/ld+json\" class=\"yoast-schema-graph\">{\"@context\":\"https:\\\/\\\/schema.org\",\"@graph\":[{\"@type\":\"WebPage\",\"@id\":\"http:\\\/\\\/sc-weisse-dame.de\\\/v3\\\/dies-und-das\\\/adventskalender-2020\\\/\",\"url\":\"http:\\\/\\\/sc-weisse-dame.de\\\/v3\\\/dies-und-das\\\/adventskalender-2020\\\/\",\"name\":\"Adventskalender 2020 - SC Weisse Dame e. V.\",\"isPartOf\":{\"@id\":\"http:\\\/\\\/sc-weisse-dame.de\\\/v3\\\/#website\"},\"datePublished\":\"2020-11-29T18:38:38+00:00\",\"dateModified\":\"2020-11-30T22:37:06+00:00\",\"breadcrumb\":{\"@id\":\"http:\\\/\\\/sc-weisse-dame.de\\\/v3\\\/dies-und-das\\\/adventskalender-2020\\\/#breadcrumb\"},\"inLanguage\":\"de\",\"potentialAction\":[{\"@type\":\"ReadAction\",\"target\":[\"http:\\\/\\\/sc-weisse-dame.de\\\/v3\\\/dies-und-das\\\/adventskalender-2020\\\/\"]}]},{\"@type\":\"BreadcrumbList\",\"@id\":\"http:\\\/\\\/sc-weisse-dame.de\\\/v3\\\/dies-und-das\\\/adventskalender-2020\\\/#breadcrumb\",\"itemListElement\":[{\"@type\":\"ListItem\",\"position\":1,\"name\":\"Startseite\",\"item\":\"http:\\\/\\\/sc-weisse-dame.de\\\/v3\\\/\"},{\"@type\":\"ListItem\",\"position\":2,\"name\":\"Dies und Das\",\"item\":\"http:\\\/\\\/sc-weisse-dame.de\\\/v3\\\/dies-und-das\\\/\"},{\"@type\":\"ListItem\",\"position\":3,\"name\":\"Adventskalender 2020\"}]},{\"@type\":\"WebSite\",\"@id\":\"http:\\\/\\\/sc-weisse-dame.de\\\/v3\\\/#website\",\"url\":\"http:\\\/\\\/sc-weisse-dame.de\\\/v3\\\/\",\"name\":\"SC Weisse Dame e. V.\",\"description\":\"Herzlich Willkommen!\",\"potentialAction\":[{\"@type\":\"SearchAction\",\"target\":{\"@type\":\"EntryPoint\",\"urlTemplate\":\"http:\\\/\\\/sc-weisse-dame.de\\\/v3\\\/?s={search_term_string}\"},\"query-input\":{\"@type\":\"PropertyValueSpecification\",\"valueRequired\":true,\"valueName\":\"search_term_string\"}}],\"inLanguage\":\"de\"}]}<\/script>\n<!-- \/ Yoast SEO plugin. -->","yoast_head_json":{"title":"Adventskalender 2020 - SC Weisse Dame e. V.","robots":{"index":"index","follow":"follow","max-snippet":"max-snippet:-1","max-image-preview":"max-image-preview:large","max-video-preview":"max-video-preview:-1"},"canonical":"http:\/\/sc-weisse-dame.de\/v3\/dies-und-das\/adventskalender-2020\/","og_locale":"de_DE","og_type":"article","og_title":"Adventskalender 2020 - SC Weisse Dame e. V.","og_description":"Die L\u00f6sungen k\u00f6nnen bis 24:00 Uhr des jeweiligen Tages unter 2.vorsitzender@sc-weisse-dame.de eingereicht werden.Die Gewinner erhalten Sachpreise; je nach Teilnehmer:innen werden verschiedene Gruppen gebildet (bspw. Erwachsene, Jugendliche, Kinder, &#8230;).Die Kategorien werden &hellip; Adventskalender 2020 weiterlesen &rarr;","og_url":"http:\/\/sc-weisse-dame.de\/v3\/dies-und-das\/adventskalender-2020\/","og_site_name":"SC Weisse Dame e. V.","article_modified_time":"2020-11-30T22:37:06+00:00","twitter_card":"summary_large_image","twitter_misc":{"Gesch\u00e4tzte Lesezeit":"1\u00a0Minute","Written by":"Claudia M\u00fcnstermann"},"schema":{"@context":"https:\/\/schema.org","@graph":[{"@type":"WebPage","@id":"http:\/\/sc-weisse-dame.de\/v3\/dies-und-das\/adventskalender-2020\/","url":"http:\/\/sc-weisse-dame.de\/v3\/dies-und-das\/adventskalender-2020\/","name":"Adventskalender 2020 - SC Weisse Dame e. V.","isPartOf":{"@id":"http:\/\/sc-weisse-dame.de\/v3\/#website"},"datePublished":"2020-11-29T18:38:38+00:00","dateModified":"2020-11-30T22:37:06+00:00","breadcrumb":{"@id":"http:\/\/sc-weisse-dame.de\/v3\/dies-und-das\/adventskalender-2020\/#breadcrumb"},"inLanguage":"de","potentialAction":[{"@type":"ReadAction","target":["http:\/\/sc-weisse-dame.de\/v3\/dies-und-das\/adventskalender-2020\/"]}]},{"@type":"BreadcrumbList","@id":"http:\/\/sc-weisse-dame.de\/v3\/dies-und-das\/adventskalender-2020\/#breadcrumb","itemListElement":[{"@type":"ListItem","position":1,"name":"Startseite","item":"http:\/\/sc-weisse-dame.de\/v3\/"},{"@type":"ListItem","position":2,"name":"Dies und Das","item":"http:\/\/sc-weisse-dame.de\/v3\/dies-und-das\/"},{"@type":"ListItem","position":3,"name":"Adventskalender 2020"}]},{"@type":"WebSite","@id":"http:\/\/sc-weisse-dame.de\/v3\/#website","url":"http:\/\/sc-weisse-dame.de\/v3\/","name":"SC Weisse Dame e. V.","description":"Herzlich Willkommen!","potentialAction":[{"@type":"SearchAction","target":{"@type":"EntryPoint","urlTemplate":"http:\/\/sc-weisse-dame.de\/v3\/?s={search_term_string}"},"query-input":{"@type":"PropertyValueSpecification","valueRequired":true,"valueName":"search_term_string"}}],"inLanguage":"de"}]}},"ticketed":false,"_links":{"self":[{"href":"http:\/\/sc-weisse-dame.de\/v3\/wp-json\/wp\/v2\/pages\/18158","targetHints":{"allow":["GET"]}}],"collection":[{"href":"http:\/\/sc-weisse-dame.de\/v3\/wp-json\/wp\/v2\/pages"}],"about":[{"href":"http:\/\/sc-weisse-dame.de\/v3\/wp-json\/wp\/v2\/types\/page"}],"author":[{"embeddable":true,"href":"http:\/\/sc-weisse-dame.de\/v3\/wp-json\/wp\/v2\/users\/10"}],"replies":[{"embeddable":true,"href":"http:\/\/sc-weisse-dame.de\/v3\/wp-json\/wp\/v2\/comments?post=18158"}],"version-history":[{"count":5,"href":"http:\/\/sc-weisse-dame.de\/v3\/wp-json\/wp\/v2\/pages\/18158\/revisions"}],"predecessor-version":[{"id":18237,"href":"http:\/\/sc-weisse-dame.de\/v3\/wp-json\/wp\/v2\/pages\/18158\/revisions\/18237"}],"up":[{"embeddable":true,"href":"http:\/\/sc-weisse-dame.de\/v3\/wp-json\/wp\/v2\/pages\/1078"}],"wp:attachment":[{"href":"http:\/\/sc-weisse-dame.de\/v3\/wp-json\/wp\/v2\/media?parent=18158"}],"wp:term":[{"taxonomy":"author","embeddable":true,"href":"http:\/\/sc-weisse-dame.de\/v3\/wp-json\/wp\/v2\/coauthors?post=18158"}],"curies":[{"name":"wp","href":"https:\/\/api.w.org\/{rel}","templated":true}]}}