{"id":110,"date":"2016-06-07T00:55:26","date_gmt":"2016-06-06T22:55:26","guid":{"rendered":"http:\/\/sc-weisse-dame.de\/v3\/?page_id=110"},"modified":"2017-08-07T00:56:03","modified_gmt":"2017-08-06T22:56:03","slug":"38-weisse-dame-open-2016","status":"publish","type":"page","link":"http:\/\/sc-weisse-dame.de\/v3\/spielbetrieb\/weisse-dame-open\/38-weisse-dame-open-2016\/","title":{"rendered":"38. Weisse-Dame-Open 2016"},"content":{"rendered":"<h1 style=\"text-align: center;\"><span style=\"color: #0000ff;\">02.09. &#8211; 14.10.2016<\/span><\/h1>\n<table style=\"background-color: #b7cfe7;\">\n<tbody>\n<tr>\n<td style=\"text-align: center;\"><a href=\"http:\/\/sc-weisse-dame.de\/v2\/uploads\/file\/WeDaOp16-Ausschreibung.pdf\">Ausschreibung (PDF)<\/a><\/td>\n<td style=\"text-align: center;\"><a href=\"http:\/\/sc-weisse-dame.de\/v3\/wp-content\/uploads\/2016\/06\/WeDaOp-Turnierreglement_2016.pdf\">Turnierreglement (PDF)<\/a><\/td>\n<td style=\"text-align: center;\"><a href=\"http:\/\/sc-weisse-dame.de\/v3\/spielbetrieb\/weisse-dame-open\/archiv-weisse-dame-open\/\">Turnierchronik<\/a><\/td>\n<\/tr>\n<\/tbody>\n<\/table>\n<table>\n<thead>\n<tr style=\"background-color: #ffcf2e;\">\n<th style=\"text-align: center;\">Paarungen\/<br \/>\n Ergebnisse<\/th>\n<th style=\"text-align: center;\">Rangliste<\/th>\n<th style=\"text-align: center;\">Ratingkategorien<\/th>\n<th style=\"text-align: center;\">Fortschrittstabelle<\/th>\n<th style=\"text-align: center;\">Berichte<\/th>\n<\/tr>\n<\/thead>\n<tbody>\n<tr style=\"background-color: #b7cfe7;\">\n<td style=\"text-align: center;\"><a href=\"http:\/\/sc-weisse-dame.de\/v3\/wp-content\/uploads\/2016\/06\/WeDaOp-2016-Paar-R1.html\">Runde 1<\/a><\/td>\n<td style=\"text-align: center;\">\u00a0<\/td>\n<td style=\"text-align: center;\">\u00a0<\/td>\n<td style=\"text-align: center;\">\u00a0<\/td>\n<td style=\"text-align: center;\"><a href=\"http:\/\/sc-weisse-dame.de\/v3\/2016\/09\/36-weisse-dame-open-2016-bericht-zur-1-runde\/\">Runde 1<\/a><\/td>\n<\/tr>\n<tr style=\"background-color: #b7cfe7;\">\n<td style=\"text-align: center;\"><a href=\"http:\/\/sc-weisse-dame.de\/v3\/wp-content\/uploads\/2016\/06\/WeDaOp-2016-Paar-R2.html\">Runde 2<\/a><\/td>\n<td style=\"text-align: center;\"><a href=\"http:\/\/sc-weisse-dame.de\/v3\/wp-content\/uploads\/2016\/06\/WeDaOp-2016-Rang-R2.html\">Runde 2<\/a><\/td>\n<td style=\"text-align: center;\">\u00a0<\/td>\n<td style=\"text-align: center;\">\u00a0<\/td>\n<td style=\"text-align: center;\"><a href=\"http:\/\/sc-weisse-dame.de\/v3\/2016\/09\/38-weisse-dame-open-2016-bericht-zur-2-runde\/\">Runde 2<\/a><\/td>\n<\/tr>\n<tr style=\"background-color: #b7cfe7;\">\n<td style=\"text-align: center;\"><a href=\"http:\/\/sc-weisse-dame.de\/v3\/wp-content\/uploads\/2016\/06\/WeDaOp-2016-Paar-R3.html\">Runde 3<\/a><\/td>\n<td style=\"text-align: center;\"><a href=\"http:\/\/sc-weisse-dame.de\/v3\/wp-content\/uploads\/2016\/06\/WeDaOp-2016-Rang-R3.html\">Runde 3<\/a><\/td>\n<td style=\"text-align: center;\">\u00a0<\/td>\n<td style=\"text-align: center;\">\u00a0<\/td>\n<td style=\"text-align: center;\"><a href=\"http:\/\/sc-weisse-dame.de\/v3\/2016\/09\/38-weisse-dame-open-2016-bericht-zur-3-runde\/\">Runde 3<\/a><\/td>\n<\/tr>\n<tr style=\"background-color: #b7cfe7;\">\n<td style=\"text-align: center;\"><a href=\"http:\/\/sc-weisse-dame.de\/v3\/wp-content\/uploads\/2016\/06\/WeDaOp-2016-Paar-R4.html\">Runde 4<\/a><\/td>\n<td style=\"text-align: center;\"><a href=\"http:\/\/sc-weisse-dame.de\/v3\/wp-content\/uploads\/2016\/06\/WeDaOp-2016-Rang-R4.html\">Runde 4<\/a><\/td>\n<td style=\"text-align: center;\"><a href=\"http:\/\/sc-weisse-dame.de\/v3\/wp-content\/uploads\/2016\/06\/WeDaOp-2016-Rang-R4-Select.html\">Runde 4<\/a><\/td>\n<td style=\"text-align: center;\">\u00a0<\/td>\n<td style=\"text-align: center;\"><a href=\"http:\/\/sc-weisse-dame.de\/v3\/2016\/09\/38-weisse-dame-open-2016-bericht-zur-4-runde\/\">Runde 4<\/a><\/td>\n<\/tr>\n<tr style=\"background-color: #b7cfe7;\">\n<td style=\"text-align: center;\"><a href=\"http:\/\/sc-weisse-dame.de\/v3\/wp-content\/uploads\/2016\/06\/WeDaOp-2016-Paar-R5.html\">Runde 5<\/a><\/td>\n<td style=\"text-align: center;\"><a href=\"http:\/\/sc-weisse-dame.de\/v3\/wp-content\/uploads\/2016\/06\/WeDaOp-2016-Rang-R5.html\">Runde 5<\/a><\/td>\n<td style=\"text-align: center;\"><a href=\"http:\/\/sc-weisse-dame.de\/v3\/wp-content\/uploads\/2016\/06\/WeDaOp-2016-Rang-R5-Select.html\">Runde 5<\/a><\/td>\n<td style=\"text-align: center;\"><a href=\"http:\/\/sc-weisse-dame.de\/v3\/wp-content\/uploads\/2016\/06\/WeDaOp-2016-Fort-R5.html\">Runde 5<\/a><\/td>\n<td style=\"text-align: center;\"><a href=\"http:\/\/sc-weisse-dame.de\/v3\/2016\/10\/38-weisse-dame-open-2016-bericht-zur-5-runde\/\">Runde 5<\/a><\/td>\n<\/tr>\n<tr style=\"background-color: #b7cfe7;\">\n<td style=\"text-align: center;\"><a href=\"http:\/\/sc-weisse-dame.de\/v3\/wp-content\/uploads\/2016\/06\/WeDaOp-2016-Paar-R6.html\">Runde 6<\/a><\/td>\n<td style=\"text-align: center;\"><a href=\"http:\/\/sc-weisse-dame.de\/v3\/wp-content\/uploads\/2016\/06\/WeDaOp-2016-Rang-R6.html\">Runde 6<\/a><\/td>\n<td style=\"text-align: center;\"><a href=\"http:\/\/sc-weisse-dame.de\/v3\/wp-content\/uploads\/2016\/06\/WeDaOp-2016-Rang-R6-Select.html\">Runde 6<\/a><\/td>\n<td style=\"text-align: center;\"><a href=\"http:\/\/sc-weisse-dame.de\/v3\/wp-content\/uploads\/2016\/06\/WeDaOp-2016-Fort-R6.html\">Runde 6<\/a><\/td>\n<td style=\"text-align: center;\"><a href=\"http:\/\/sc-weisse-dame.de\/v3\/2016\/10\/38-weisse-dame-open-2016-bericht-zur-6-runde\/\">Runde 6<\/a><\/td>\n<\/tr>\n<tr style=\"background-color: #b7cfe7;\">\n<td style=\"text-align: center;\"><a href=\"http:\/\/sc-weisse-dame.de\/v3\/wp-content\/uploads\/2016\/06\/WeDaOp-2016-Paar-R7.html\">Runde 7<\/a><\/td>\n<td style=\"text-align: center;\"><a href=\"http:\/\/sc-weisse-dame.de\/v3\/wp-content\/uploads\/2016\/06\/WeDaOp-2016-Rang-R7.html\">Runde 7<\/a><\/td>\n<td style=\"text-align: center;\"><a href=\"http:\/\/sc-weisse-dame.de\/v3\/wp-content\/uploads\/2016\/06\/WeDaOp-2016-Rang-R7-Select.html\">Runde 7<\/a><\/td>\n<td style=\"text-align: center;\"><a href=\"http:\/\/sc-weisse-dame.de\/v3\/wp-content\/uploads\/2016\/06\/WeDaOp-2016-Fort-R7.html\">Runde 7<\/a><\/td>\n<td style=\"text-align: center;\"><a href=\"http:\/\/sc-weisse-dame.de\/v3\/2016\/10\/dirk-paulsen-gewinnt-das-38-weisse-dame-open\/\">Runde 7<\/a><\/td>\n<\/tr>\n<\/tbody>\n<\/table>\n<table style=\"background-color: #b7cfe7;\">\n<tbody>\n<tr>\n<td style=\"text-align: center;\"><a href=\"http:\/\/sc-weisse-dame.de\/v3\/wp-content\/uploads\/2016\/06\/WeDaOp-2016-Teil.html\">Teilnehmerliste (nach DWZ)<\/a><\/td>\n<td style=\"text-align: center;\"><a href=\"http:\/\/sc-weisse-dame.de\/v3\/wp-content\/uploads\/2016\/06\/WeDaOp-2016-Teil-Alpha.html\">Teilnehmerliste (Alphabetisch)<\/a><\/td>\n<\/tr>\n<\/tbody>\n<\/table>\n<table style=\"background-color: #b7cfe7;\">\n<tbody>\n<tr>\n<td style=\"text-align: center;\">Endstand (PDF)<\/td>\n<td style=\"text-align: center;\"><a href=\"http:\/\/sc-weisse-dame.de\/v3\/wp-content\/uploads\/2016\/06\/WeDaOp-2016-DWZ-R7.html\">Inoffizielle DWZ-Auswertung<\/a><\/td>\n<td style=\"text-align: center;\"><a href=\"http:\/\/sc-weisse-dame.de\/v3\/wp-content\/uploads\/2016\/06\/WeDa-Op-2016-Preisverteilung.pdf\">Preisverteilung<\/a><\/td>\n<\/tr>\n<\/tbody>\n<\/table>\n<p><a href=\"mailto: open@sc-weisse-dame.de\">E-Mail an die Turnierleitung<\/a><\/p>\n<hr \/>\n<p><strong>Aktuell:<\/strong><\/p>\n<ul>\n<li>19.10.2016 &#8211; auch die restlichen Tabellen nach der 7. Runde sind nun abrufbar (Links korrigiert). Au\u00dferdem wurde eine \u00dcbersicht der Preistr\u00e4ger erstellt.<\/li>\n<li>17.10.2016 &#8211; der <a href=\"http:\/\/sc-weisse-dame.de\/v3\/2016\/10\/dirk-paulsen-gewinnt-das-38-weisse-dame-open\/\">Abschlussbericht <\/a>inklusive Endtabelle ist ver\u00f6ffentlicht. Die weiteren, noch fehlenden Tabellen folgen zeitnah &#8230;<\/li>\n<li>08.10. 2016 &#8211; Ergebnisse der 6. Runde, Rangliste, Fortschrittstabelle und Ratingkategorien Stand nach der 6. Runde, Paarungen der 7. Runde wurden ver\u00f6ffentlicht.<\/li>\n<li>02.10. 2016 &#8211; Paarungen der 6. Runde und die Fortschrittstabelle Stand nach der 5. Runde wurden ver\u00f6ffentlicht.<\/li>\n<li>01.10. 2016 &#8211; Ergebnisse der 5. Runde, Rangliste Stand nach der 5. Runde wurden und Ratingkategorien Stand nach der 5. Runde ver\u00f6ffentlicht.<\/li>\n<li>25.09. 2016 &#8211; Ratingkategorien Stand nach der 4. Runde wurden ver\u00f6ffentlicht.<\/li>\n<li>24.09. 2016 &#8211; Ergebnisse der 4. Runde, Paarungen der 5. Runde und Rangliste Stand nach der 4. Runde wurden ver\u00f6ffentlicht.<\/li>\n<li>17.09. 2016 &#8211; Ergebnisse der 3. Runde, Paarungen der 4. Runde und Rangliste Stand nach der 3. Runde wurden ver\u00f6ffentlicht.<\/li>\n<li>10.09. 2016 &#8211; Ergebnisse der 2. Runde, Paarungen der 3. Runde und Rangliste Stand nach der 2. Runde wurden ver\u00f6ffentlicht.<\/li>\n<li>03.09. 2016 &#8211; Aktualisierte Teilnehmerlisten, Ergebnisse der 1. Runde, Paarungen der 2. Runde und <a href=\"http:\/\/sc-weisse-dame.de\/v3\/wp-content\/uploads\/2016\/06\/WeDaOp-2016-Teil-Select.html\">Einteilungen in die Ratingkategorien<\/a> wurden ver\u00f6ffentlicht.<\/li>\n<li>29.08. 2016 &#8211; Das Turnierreglement (die Reugeldbestimmung sind entfernt worden) ist aktualisiert worden.<\/li>\n<li>28.08. 2016 &#8211; Die Teilnehmerliste wurde aktualisiert. Nun stehen bereits 50 Teilnehmer auf der Voranmeldeliste und diese wurde nach DWZ sortiert.<\/li>\n<li>24.08. 2016 &#8211; Die Teilnehmerliste wurde aktualisiert. Nun stehen bereits 39 Teilnehmer auf der Voranmeldeliste.<\/li>\n<li>21.08. 2016 &#8211; Die Teilnehmerliste wurde aktualisiert. Insgesamt sind nun bereits 32 Schachfreunde vorangemeldet.<\/li>\n<li>13.08. 2016 &#8211; Die Teilnehmerliste wurde aktualisiert.<\/li>\n<li>05.08. 2016 &#8211; Die erste Teilnehmerliste ist online.<\/li>\n<\/ul>\n<p>&nbsp;<\/p>\n<hr \/>\n<p style=\"text-align: center;\"><a href=\"http:\/\/sc-weisse-dame.de\/v3\/spielbetrieb\/weisse-dame-open\/archiv-weisse-dame-open\/\">Turnierchronik<\/a><\/p>\n<p style=\"text-align: center;\">mit allen Turnieren und Siegern seit 1978<\/p>\n<hr \/>\n","protected":false},"excerpt":{"rendered":"<p>02.09. &#8211; 14.10.2016 Ausschreibung (PDF) Turnierreglement (PDF) Turnierchronik Paarungen\/ Ergebnisse Rangliste Ratingkategorien Fortschrittstabelle Berichte Runde 1 \u00a0 \u00a0 \u00a0 Runde 1 Runde 2 Runde 2 \u00a0 \u00a0 Runde 2 Runde &hellip; <a href=\"http:\/\/sc-weisse-dame.de\/v3\/spielbetrieb\/weisse-dame-open\/38-weisse-dame-open-2016\/\" class=\"more-link\"><span class=\"screen-reader-text\">38. Weisse-Dame-Open 2016<\/span> weiterlesen <span class=\"meta-nav\">&rarr;<\/span><\/a><\/p>\n","protected":false},"author":2,"featured_media":0,"parent":1099,"menu_order":0,"comment_status":"closed","ping_status":"closed","template":"","meta":{"_price":"","_stock":"","_tribe_ticket_header":"","_tribe_default_ticket_provider":"","_tribe_ticket_capacity":"0","_ticket_start_date":"","_ticket_end_date":"","_tribe_ticket_show_description":"","_tribe_ticket_show_not_going":false,"_tribe_ticket_use_global_stock":"","_tribe_ticket_global_stock_level":"","_global_stock_mode":"","_global_stock_cap":"","_tribe_rsvp_for_event":"","_tribe_ticket_going_count":"","_tribe_ticket_not_going_count":"","_tribe_tickets_list":"[]","_tribe_ticket_has_attendee_info_fields":false,"footnotes":"","_tec_slr_enabled":"","_tec_slr_layout":""},"coauthors":[23],"class_list":["post-110","page","type-page","status-publish","hentry"],"yoast_head":"<!-- This site is optimized with the Yoast SEO plugin v27.4 - https:\/\/yoast.com\/product\/yoast-seo-wordpress\/ -->\n<title>38. Weisse-Dame-Open 2016 - SC Weisse Dame e. V.<\/title>\n<meta name=\"robots\" content=\"index, follow, max-snippet:-1, max-image-preview:large, max-video-preview:-1\" \/>\n<link rel=\"canonical\" href=\"http:\/\/sc-weisse-dame.de\/v3\/spielbetrieb\/weisse-dame-open\/38-weisse-dame-open-2016\/\" \/>\n<meta property=\"og:locale\" content=\"de_DE\" \/>\n<meta property=\"og:type\" content=\"article\" \/>\n<meta property=\"og:title\" content=\"38. Weisse-Dame-Open 2016 - SC Weisse Dame e. V.\" \/>\n<meta property=\"og:description\" content=\"02.09. &#8211; 14.10.2016 Ausschreibung (PDF) Turnierreglement (PDF) Turnierchronik Paarungen\/ Ergebnisse Rangliste Ratingkategorien Fortschrittstabelle Berichte Runde 1 \u00a0 \u00a0 \u00a0 Runde 1 Runde 2 Runde 2 \u00a0 \u00a0 Runde 2 Runde &hellip; 38. Weisse-Dame-Open 2016 weiterlesen &rarr;\" \/>\n<meta property=\"og:url\" content=\"http:\/\/sc-weisse-dame.de\/v3\/spielbetrieb\/weisse-dame-open\/38-weisse-dame-open-2016\/\" \/>\n<meta property=\"og:site_name\" content=\"SC Weisse Dame e. V.\" \/>\n<meta property=\"article:modified_time\" content=\"2017-08-06T22:56:03+00:00\" \/>\n<meta name=\"twitter:card\" content=\"summary_large_image\" \/>\n<meta name=\"twitter:label1\" content=\"Gesch\u00e4tzte Lesezeit\" \/>\n\t<meta name=\"twitter:data1\" content=\"1\u00a0Minute\" \/>\n<script type=\"application\/ld+json\" class=\"yoast-schema-graph\">{\"@context\":\"https:\\\/\\\/schema.org\",\"@graph\":[{\"@type\":\"WebPage\",\"@id\":\"http:\\\/\\\/sc-weisse-dame.de\\\/v3\\\/spielbetrieb\\\/weisse-dame-open\\\/38-weisse-dame-open-2016\\\/\",\"url\":\"http:\\\/\\\/sc-weisse-dame.de\\\/v3\\\/spielbetrieb\\\/weisse-dame-open\\\/38-weisse-dame-open-2016\\\/\",\"name\":\"38. Weisse-Dame-Open 2016 - SC Weisse Dame e. V.\",\"isPartOf\":{\"@id\":\"http:\\\/\\\/sc-weisse-dame.de\\\/v3\\\/#website\"},\"datePublished\":\"2016-06-06T22:55:26+00:00\",\"dateModified\":\"2017-08-06T22:56:03+00:00\",\"breadcrumb\":{\"@id\":\"http:\\\/\\\/sc-weisse-dame.de\\\/v3\\\/spielbetrieb\\\/weisse-dame-open\\\/38-weisse-dame-open-2016\\\/#breadcrumb\"},\"inLanguage\":\"de\",\"potentialAction\":[{\"@type\":\"ReadAction\",\"target\":[\"http:\\\/\\\/sc-weisse-dame.de\\\/v3\\\/spielbetrieb\\\/weisse-dame-open\\\/38-weisse-dame-open-2016\\\/\"]}]},{\"@type\":\"BreadcrumbList\",\"@id\":\"http:\\\/\\\/sc-weisse-dame.de\\\/v3\\\/spielbetrieb\\\/weisse-dame-open\\\/38-weisse-dame-open-2016\\\/#breadcrumb\",\"itemListElement\":[{\"@type\":\"ListItem\",\"position\":1,\"name\":\"Startseite\",\"item\":\"http:\\\/\\\/sc-weisse-dame.de\\\/v3\\\/\"},{\"@type\":\"ListItem\",\"position\":2,\"name\":\"Spielbetrieb\",\"item\":\"http:\\\/\\\/sc-weisse-dame.de\\\/v3\\\/spielbetrieb\\\/\"},{\"@type\":\"ListItem\",\"position\":3,\"name\":\"Weisse-Dame-Open\",\"item\":\"http:\\\/\\\/sc-weisse-dame.de\\\/v3\\\/spielbetrieb\\\/weisse-dame-open\\\/\"},{\"@type\":\"ListItem\",\"position\":4,\"name\":\"38. Weisse-Dame-Open 2016\"}]},{\"@type\":\"WebSite\",\"@id\":\"http:\\\/\\\/sc-weisse-dame.de\\\/v3\\\/#website\",\"url\":\"http:\\\/\\\/sc-weisse-dame.de\\\/v3\\\/\",\"name\":\"SC Weisse Dame e. V.\",\"description\":\"Herzlich Willkommen!\",\"potentialAction\":[{\"@type\":\"SearchAction\",\"target\":{\"@type\":\"EntryPoint\",\"urlTemplate\":\"http:\\\/\\\/sc-weisse-dame.de\\\/v3\\\/?s={search_term_string}\"},\"query-input\":{\"@type\":\"PropertyValueSpecification\",\"valueRequired\":true,\"valueName\":\"search_term_string\"}}],\"inLanguage\":\"de\"}]}<\/script>\n<!-- \/ Yoast SEO plugin. -->","yoast_head_json":{"title":"38. Weisse-Dame-Open 2016 - SC Weisse Dame e. V.","robots":{"index":"index","follow":"follow","max-snippet":"max-snippet:-1","max-image-preview":"max-image-preview:large","max-video-preview":"max-video-preview:-1"},"canonical":"http:\/\/sc-weisse-dame.de\/v3\/spielbetrieb\/weisse-dame-open\/38-weisse-dame-open-2016\/","og_locale":"de_DE","og_type":"article","og_title":"38. Weisse-Dame-Open 2016 - SC Weisse Dame e. V.","og_description":"02.09. &#8211; 14.10.2016 Ausschreibung (PDF) Turnierreglement (PDF) Turnierchronik Paarungen\/ Ergebnisse Rangliste Ratingkategorien Fortschrittstabelle Berichte Runde 1 \u00a0 \u00a0 \u00a0 Runde 1 Runde 2 Runde 2 \u00a0 \u00a0 Runde 2 Runde &hellip; 38. Weisse-Dame-Open 2016 weiterlesen &rarr;","og_url":"http:\/\/sc-weisse-dame.de\/v3\/spielbetrieb\/weisse-dame-open\/38-weisse-dame-open-2016\/","og_site_name":"SC Weisse Dame e. V.","article_modified_time":"2017-08-06T22:56:03+00:00","twitter_card":"summary_large_image","twitter_misc":{"Gesch\u00e4tzte Lesezeit":"1\u00a0Minute"},"schema":{"@context":"https:\/\/schema.org","@graph":[{"@type":"WebPage","@id":"http:\/\/sc-weisse-dame.de\/v3\/spielbetrieb\/weisse-dame-open\/38-weisse-dame-open-2016\/","url":"http:\/\/sc-weisse-dame.de\/v3\/spielbetrieb\/weisse-dame-open\/38-weisse-dame-open-2016\/","name":"38. Weisse-Dame-Open 2016 - SC Weisse Dame e. V.","isPartOf":{"@id":"http:\/\/sc-weisse-dame.de\/v3\/#website"},"datePublished":"2016-06-06T22:55:26+00:00","dateModified":"2017-08-06T22:56:03+00:00","breadcrumb":{"@id":"http:\/\/sc-weisse-dame.de\/v3\/spielbetrieb\/weisse-dame-open\/38-weisse-dame-open-2016\/#breadcrumb"},"inLanguage":"de","potentialAction":[{"@type":"ReadAction","target":["http:\/\/sc-weisse-dame.de\/v3\/spielbetrieb\/weisse-dame-open\/38-weisse-dame-open-2016\/"]}]},{"@type":"BreadcrumbList","@id":"http:\/\/sc-weisse-dame.de\/v3\/spielbetrieb\/weisse-dame-open\/38-weisse-dame-open-2016\/#breadcrumb","itemListElement":[{"@type":"ListItem","position":1,"name":"Startseite","item":"http:\/\/sc-weisse-dame.de\/v3\/"},{"@type":"ListItem","position":2,"name":"Spielbetrieb","item":"http:\/\/sc-weisse-dame.de\/v3\/spielbetrieb\/"},{"@type":"ListItem","position":3,"name":"Weisse-Dame-Open","item":"http:\/\/sc-weisse-dame.de\/v3\/spielbetrieb\/weisse-dame-open\/"},{"@type":"ListItem","position":4,"name":"38. Weisse-Dame-Open 2016"}]},{"@type":"WebSite","@id":"http:\/\/sc-weisse-dame.de\/v3\/#website","url":"http:\/\/sc-weisse-dame.de\/v3\/","name":"SC Weisse Dame e. V.","description":"Herzlich Willkommen!","potentialAction":[{"@type":"SearchAction","target":{"@type":"EntryPoint","urlTemplate":"http:\/\/sc-weisse-dame.de\/v3\/?s={search_term_string}"},"query-input":{"@type":"PropertyValueSpecification","valueRequired":true,"valueName":"search_term_string"}}],"inLanguage":"de"}]}},"ticketed":false,"_links":{"self":[{"href":"http:\/\/sc-weisse-dame.de\/v3\/wp-json\/wp\/v2\/pages\/110","targetHints":{"allow":["GET"]}}],"collection":[{"href":"http:\/\/sc-weisse-dame.de\/v3\/wp-json\/wp\/v2\/pages"}],"about":[{"href":"http:\/\/sc-weisse-dame.de\/v3\/wp-json\/wp\/v2\/types\/page"}],"author":[{"embeddable":true,"href":"http:\/\/sc-weisse-dame.de\/v3\/wp-json\/wp\/v2\/users\/2"}],"replies":[{"embeddable":true,"href":"http:\/\/sc-weisse-dame.de\/v3\/wp-json\/wp\/v2\/comments?post=110"}],"version-history":[{"count":13,"href":"http:\/\/sc-weisse-dame.de\/v3\/wp-json\/wp\/v2\/pages\/110\/revisions"}],"predecessor-version":[{"id":2383,"href":"http:\/\/sc-weisse-dame.de\/v3\/wp-json\/wp\/v2\/pages\/110\/revisions\/2383"}],"up":[{"embeddable":true,"href":"http:\/\/sc-weisse-dame.de\/v3\/wp-json\/wp\/v2\/pages\/1099"}],"wp:attachment":[{"href":"http:\/\/sc-weisse-dame.de\/v3\/wp-json\/wp\/v2\/media?parent=110"}],"wp:term":[{"taxonomy":"author","embeddable":true,"href":"http:\/\/sc-weisse-dame.de\/v3\/wp-json\/wp\/v2\/coauthors?post=110"}],"curies":[{"name":"wp","href":"https:\/\/api.w.org\/{rel}","templated":true}]}}