{"id":1099,"date":"2016-08-06T16:10:53","date_gmt":"2016-08-06T14:10:53","guid":{"rendered":"http:\/\/sc-weisse-dame.de\/v3\/?page_id=1099"},"modified":"2022-09-16T09:12:34","modified_gmt":"2022-09-16T07:12:34","slug":"weisse-dame-open","status":"publish","type":"page","link":"http:\/\/sc-weisse-dame.de\/v3\/spielbetrieb\/weisse-dame-open\/","title":{"rendered":"Weisse-Dame-Open"},"content":{"rendered":"\n<table id=\"tablepress-9\" class=\"tablepress tablepress-id-9\">\n<thead>\n<tr class=\"row-1\">\n\t<th class=\"column-1\">Nr.<\/th><th class=\"column-2\">Jahr<\/th><th class=\"column-3\">Tn.<\/th><th class=\"column-4\">Sieger<\/th><th class=\"column-5\">Verein des Siegers<\/th><th class=\"column-6\">Tabellen*<\/th>\n<\/tr>\n<\/thead>\n<tbody class=\"row-striping row-hover\">\n<tr class=\"row-2\">\n\t<td class=\"column-1\"><a href=\"http:\/\/sc-weisse-dame.de\/v3\/spielbetrieb\/weisse-dame-open\/39-weisse-dame-open-2017\/\">39<\/a><\/td><td class=\"column-2\"><a href=\"http:\/\/sc-weisse-dame.de\/v3\/spielbetrieb\/weisse-dame-open\/39-weisse-dame-open-2017\/\">2017<\/a><\/td><td class=\"column-3\"><\/td><td class=\"column-4\"><\/td><td class=\"column-5\"><\/td><td class=\"column-6\">FR - PDF<\/td>\n<\/tr>\n<tr class=\"row-3\">\n\t<td class=\"column-1\"><a href=\"http:\/\/sc-weisse-dame.de\/v3\/spielbetrieb\/weisse-dame-open\/38-weisse-dame-open-2016\/\">38<\/a><\/td><td class=\"column-2\"><a href=\"http:\/\/sc-weisse-dame.de\/v3\/spielbetrieb\/weisse-dame-open\/38-weisse-dame-open-2016\/\">2016<\/a><\/td><td class=\"column-3\">66<\/td><td class=\"column-4\">FM Dirk Paulsen<\/td><td class=\"column-5\">SC Kreuzberg<\/td><td class=\"column-6\">FR - PDF<\/td>\n<\/tr>\n<tr class=\"row-4\">\n\t<td class=\"column-1\">37<\/td><td class=\"column-2\">2015<\/td><td class=\"column-3\">82<\/td><td class=\"column-4\">IM Ulf von Herman<\/td><td class=\"column-5\">SK K\u00f6nig Tegel 1949<\/td><td class=\"column-6\">FR - PDF<\/td>\n<\/tr>\n<tr class=\"row-5\">\n\t<td class=\"column-1\">36<\/td><td class=\"column-2\">2014<\/td><td class=\"column-3\">77<\/td><td class=\"column-4\">GM Sergey Kalinitschew<\/td><td class=\"column-5\">SC Kreuzberg<\/td><td class=\"column-6\">FR - PDF<\/td>\n<\/tr>\n<tr class=\"row-6\">\n\t<td class=\"column-1\">35<\/td><td class=\"column-2\">2013<\/td><td class=\"column-3\">88<\/td><td class=\"column-4\">IM Ulf von Herman<\/td><td class=\"column-5\">SK K\u00f6nig Tegel 1949<\/td><td class=\"column-6\">FR - PDF<\/td>\n<\/tr>\n<tr class=\"row-7\">\n\t<td class=\"column-1\">34<\/td><td class=\"column-2\">2012<\/td><td class=\"column-3\">81<\/td><td class=\"column-4\">IM Ulf von Herman<\/td><td class=\"column-5\">SK K\u00f6nig Tegel 1949<\/td><td class=\"column-6\">FR - PDF<\/td>\n<\/tr>\n<tr class=\"row-8\">\n\t<td class=\"column-1\">33<\/td><td class=\"column-2\">2011<\/td><td class=\"column-3\">68<\/td><td class=\"column-4\">Dr. Matthias Budt<\/td><td class=\"column-5\">SK Zehlendorf<\/td><td class=\"column-6\">FR - PDF<\/td>\n<\/tr>\n<tr class=\"row-9\">\n\t<td class=\"column-1\">32<\/td><td class=\"column-2\">2010<\/td><td class=\"column-3\">64<\/td><td class=\"column-4\">IM Ulf von Herman<\/td><td class=\"column-5\">SK K\u00f6nig Tegel 1949<\/td><td class=\"column-6\">FR - PDF<\/td>\n<\/tr>\n<tr class=\"row-10\">\n\t<td class=\"column-1\">31<\/td><td class=\"column-2\">2009<\/td><td class=\"column-3\">68<\/td><td class=\"column-4\">Hendrik M\u00f6ller<\/td><td class=\"column-5\">SC Weisse Dame<\/td><td class=\"column-6\">FR - PDF<\/td>\n<\/tr>\n<tr class=\"row-11\">\n\t<td class=\"column-1\">30<\/td><td class=\"column-2\">2008<\/td><td class=\"column-3\">68<\/td><td class=\"column-4\">FM Gerhard L\u00fcders<\/td><td class=\"column-5\">BSC Rehberge 1945<\/td><td class=\"column-6\">FR - PDF<\/td>\n<\/tr>\n<tr class=\"row-12\">\n\t<td class=\"column-1\">29<\/td><td class=\"column-2\">2007<\/td><td class=\"column-3\">63<\/td><td class=\"column-4\">Kai-Gerrit Venske<\/td><td class=\"column-5\">SC Weisse Dame<\/td><td class=\"column-6\">FR - PDF<\/td>\n<\/tr>\n<tr class=\"row-13\">\n\t<td class=\"column-1\">28<\/td><td class=\"column-2\">2006<\/td><td class=\"column-3\">68<\/td><td class=\"column-4\">Kai-Gerrit Venske<\/td><td class=\"column-5\">SC Weisse Dame<\/td><td class=\"column-6\">FR - PDF<\/td>\n<\/tr>\n<tr class=\"row-14\">\n\t<td class=\"column-1\">27<\/td><td class=\"column-2\">2005<\/td><td class=\"column-3\">62<\/td><td class=\"column-4\">Thorsten Gro\u00df<\/td><td class=\"column-5\">SC Weisse Dame<\/td><td class=\"column-6\">FR - PDF<\/td>\n<\/tr>\n<tr class=\"row-15\">\n\t<td class=\"column-1\">26<\/td><td class=\"column-2\">2004<\/td><td class=\"column-3\">70<\/td><td class=\"column-4\">Thomas Fr\u00fcbing<\/td><td class=\"column-5\">SV Gr\u00fcn-Wei\u00df K\u00f6penick<\/td><td class=\"column-6\">FR - PDF<\/td>\n<\/tr>\n<tr class=\"row-16\">\n\t<td class=\"column-1\">25<\/td><td class=\"column-2\">2003<\/td><td class=\"column-3\">101<\/td><td class=\"column-4\">Benjamin Dauth<\/td><td class=\"column-5\">SSV Rotation Berlin<\/td><td class=\"column-6\">FR - PDF<\/td>\n<\/tr>\n<tr class=\"row-17\">\n\t<td class=\"column-1\">24<\/td><td class=\"column-2\">2002<\/td><td class=\"column-3\">83<\/td><td class=\"column-4\">Hasan Krasnici<\/td><td class=\"column-5\">SC Zitadelle Spandau 1977<\/td><td class=\"column-6\">FR - PDF<\/td>\n<\/tr>\n<tr class=\"row-18\">\n\t<td class=\"column-1\">23<\/td><td class=\"column-2\">2001<\/td><td class=\"column-3\">112<\/td><td class=\"column-4\">Wolfgang Stark<\/td><td class=\"column-5\">SC Lavandevil Charlottenburg<\/td><td class=\"column-6\">FR - PDF<\/td>\n<\/tr>\n<tr class=\"row-19\">\n\t<td class=\"column-1\">22<\/td><td class=\"column-2\">2000<\/td><td class=\"column-3\">106<\/td><td class=\"column-4\">Hasan Krasnici<\/td><td class=\"column-5\">SC Zitadelle Spandau 1977<\/td><td class=\"column-6\">FR - PDF<\/td>\n<\/tr>\n<tr class=\"row-20\">\n\t<td class=\"column-1\">21<\/td><td class=\"column-2\">1999<\/td><td class=\"column-3\">118<\/td><td class=\"column-4\">Martin Gebigke<\/td><td class=\"column-5\">SV Berolina Mitte<\/td><td class=\"column-6\">FR - PDF<\/td>\n<\/tr>\n<tr class=\"row-21\">\n\t<td class=\"column-1\">20<\/td><td class=\"column-2\">1998<\/td><td class=\"column-3\">77<\/td><td class=\"column-4\">Henryk Pecher<\/td><td class=\"column-5\">SV Rochade Potsdam-West<\/td><td class=\"column-6\">FR - PDF<\/td>\n<\/tr>\n<tr class=\"row-22\">\n\t<td class=\"column-1\">19<\/td><td class=\"column-2\">1997<\/td><td class=\"column-3\">51<\/td><td class=\"column-4\">Hans-Joachim Waldmann<\/td><td class=\"column-5\">SC Weisse Dame<\/td><td class=\"column-6\">FR - PDF<\/td>\n<\/tr>\n<tr class=\"row-23\">\n\t<td class=\"column-1\">18<\/td><td class=\"column-2\">1996<\/td><td class=\"column-3\">70<\/td><td class=\"column-4\">Diemar Poppner<\/td><td class=\"column-5\">SC Weisse Dame<\/td><td class=\"column-6\">FR - PDF<\/td>\n<\/tr>\n<tr class=\"row-24\">\n\t<td class=\"column-1\">17<\/td><td class=\"column-2\">1995<\/td><td class=\"column-3\">56<\/td><td class=\"column-4\">Stephan Bruchmann<\/td><td class=\"column-5\">SC Weisse Dame<\/td><td class=\"column-6\">FR - PDF<\/td>\n<\/tr>\n<tr class=\"row-25\">\n\t<td class=\"column-1\">16<\/td><td class=\"column-2\">1994<\/td><td class=\"column-3\">46<\/td><td class=\"column-4\">FM Werner Reichenbach<\/td><td class=\"column-5\">Motor Hennigsdorf<\/td><td class=\"column-6\">FR - PDF<\/td>\n<\/tr>\n<tr class=\"row-26\">\n\t<td class=\"column-1\">15<\/td><td class=\"column-2\">1993<\/td><td class=\"column-3\">53<\/td><td class=\"column-4\">IM Sergey Kalinitschew<\/td><td class=\"column-5\">SVG Lasker-Steglitz<\/td><td class=\"column-6\">FR - PDF<\/td>\n<\/tr>\n<tr class=\"row-27\">\n\t<td class=\"column-1\"><\/td><td class=\"column-2\">1992<\/td><td class=\"column-3\"><\/td><td class=\"column-4\">- ausgefallen -<\/td><td class=\"column-5\"><\/td><td class=\"column-6\"><\/td>\n<\/tr>\n<tr class=\"row-28\">\n\t<td class=\"column-1\">14<\/td><td class=\"column-2\">1991<\/td><td class=\"column-3\">110<\/td><td class=\"column-4\">Hans-Joachim Waldmann<\/td><td class=\"column-5\">SC Weisse Dame<\/td><td class=\"column-6\">FR - PDF<\/td>\n<\/tr>\n<tr class=\"row-29\">\n\t<td class=\"column-1\">13<\/td><td class=\"column-2\">1990<\/td><td class=\"column-3\">100<\/td><td class=\"column-4\">Robert Rabiega<\/td><td class=\"column-5\">SK K\u00f6nig Tegel 1949<\/td><td class=\"column-6\">FR - PDF<\/td>\n<\/tr>\n<tr class=\"row-30\">\n\t<td class=\"column-1\">12<\/td><td class=\"column-2\">1989<\/td><td class=\"column-3\">36<\/td><td class=\"column-4\">Hans-Joachim Waldmann<\/td><td class=\"column-5\">SC Weisse Dame<\/td><td class=\"column-6\">FR - PDF<\/td>\n<\/tr>\n<tr class=\"row-31\">\n\t<td class=\"column-1\">11<\/td><td class=\"column-2\">1988<\/td><td class=\"column-3\">66<\/td><td class=\"column-4\">Bernd-Peter Gahntz<\/td><td class=\"column-5\">BSC Rehberge 1945<\/td><td class=\"column-6\">FR - PDF<\/td>\n<\/tr>\n<tr class=\"row-32\">\n\t<td class=\"column-1\">10<\/td><td class=\"column-2\">1987<\/td><td class=\"column-3\">94<\/td><td class=\"column-4\">Rainer Schulz<\/td><td class=\"column-5\">SC Weisse Dame<\/td><td class=\"column-6\">FR - PDF<\/td>\n<\/tr>\n<tr class=\"row-33\">\n\t<td class=\"column-1\">9<\/td><td class=\"column-2\">1986<\/td><td class=\"column-3\">80<\/td><td class=\"column-4\">Volker Ingmann<\/td><td class=\"column-5\">- ohne Verein -<\/td><td class=\"column-6\">FR - PDF<\/td>\n<\/tr>\n<tr class=\"row-34\">\n\t<td class=\"column-1\">8<\/td><td class=\"column-2\">1985<\/td><td class=\"column-3\">94<\/td><td class=\"column-4\">FM Werner Reichenbach<\/td><td class=\"column-5\">BSC Rehberge 1945<\/td><td class=\"column-6\">FR - PDF<\/td>\n<\/tr>\n<tr class=\"row-35\">\n\t<td class=\"column-1\">7<\/td><td class=\"column-2\">1984<\/td><td class=\"column-3\">92<\/td><td class=\"column-4\">Thomas Hargens<\/td><td class=\"column-5\">SK K\u00f6nig Tegel 1949<\/td><td class=\"column-6\">FR - PDF<\/td>\n<\/tr>\n<tr class=\"row-36\">\n\t<td class=\"column-1\">6<\/td><td class=\"column-2\">1983<\/td><td class=\"column-3\">76<\/td><td class=\"column-4\">Gerhard L\u00fcders<\/td><td class=\"column-5\">SV Wilmersdorf<\/td><td class=\"column-6\">FR - PDF<\/td>\n<\/tr>\n<tr class=\"row-37\">\n\t<td class=\"column-1\">5<\/td><td class=\"column-2\">1982<\/td><td class=\"column-3\">68<\/td><td class=\"column-4\">IM Ralf Lau<\/td><td class=\"column-5\">SG 1868 Solingen<\/td><td class=\"column-6\">FR - PDF<\/td>\n<\/tr>\n<tr class=\"row-38\">\n\t<td class=\"column-1\">4<\/td><td class=\"column-2\">1981<\/td><td class=\"column-3\">82<\/td><td class=\"column-4\">Frank Dietze<\/td><td class=\"column-5\">SC Kreuzberg<\/td><td class=\"column-6\">FR - PDF<\/td>\n<\/tr>\n<tr class=\"row-39\">\n\t<td class=\"column-1\"><\/td><td class=\"column-2\">1980<\/td><td class=\"column-3\"><\/td><td class=\"column-4\">- ausgefallen -<\/td><td class=\"column-5\"><\/td><td class=\"column-6\"><\/td>\n<\/tr>\n<tr class=\"row-40\">\n\t<td class=\"column-1\">3<\/td><td class=\"column-2\">1979<\/td><td class=\"column-3\">56<\/td><td class=\"column-4\">Michael Bilek<\/td><td class=\"column-5\">SVG Lasker-Steglitz<\/td><td class=\"column-6\">FR - PDF<\/td>\n<\/tr>\n<tr class=\"row-41\">\n\t<td class=\"column-1\">2<\/td><td class=\"column-2\">1978<\/td><td class=\"column-3\">34<\/td><td class=\"column-4\">Norbert Sprotte<\/td><td class=\"column-5\">SC Kreuzberg<\/td><td class=\"column-6\">FR - PDF<\/td>\n<\/tr>\n<tr class=\"row-42\">\n\t<td class=\"column-1\">1<\/td><td class=\"column-2\">1977<\/td><td class=\"column-3\">22<\/td><td class=\"column-4\">Heinrich Fr\u00fch<\/td><td class=\"column-5\">SV Wilmersdorf<\/td><td class=\"column-6\">FR - PDF<\/td>\n<\/tr>\n<\/tbody>\n<\/table>\n<!-- #tablepress-9 from cache -->\n","protected":false},"excerpt":{"rendered":"","protected":false},"author":2,"featured_media":0,"parent":40,"menu_order":0,"comment_status":"closed","ping_status":"closed","template":"","meta":{"_price":"","_stock":"","_tribe_ticket_header":"","_tribe_default_ticket_provider":"","_tribe_ticket_capacity":"0","_ticket_start_date":"","_ticket_end_date":"","_tribe_ticket_show_description":"","_tribe_ticket_show_not_going":false,"_tribe_ticket_use_global_stock":"","_tribe_ticket_global_stock_level":"","_global_stock_mode":"","_global_stock_cap":"","_tribe_rsvp_for_event":"","_tribe_ticket_going_count":"","_tribe_ticket_not_going_count":"","_tribe_tickets_list":"[]","_tribe_ticket_has_attendee_info_fields":false,"footnotes":"","_tec_slr_enabled":"","_tec_slr_layout":""},"coauthors":[23],"class_list":["post-1099","page","type-page","status-publish","hentry"],"yoast_head":"<!-- This site is optimized with the Yoast SEO plugin v27.3 - https:\/\/yoast.com\/product\/yoast-seo-wordpress\/ -->\n<title>Weisse-Dame-Open - SC Weisse Dame e. V.<\/title>\n<meta name=\"robots\" content=\"index, follow, max-snippet:-1, max-image-preview:large, max-video-preview:-1\" \/>\n<link rel=\"canonical\" href=\"http:\/\/sc-weisse-dame.de\/v3\/spielbetrieb\/weisse-dame-open\/\" \/>\n<meta property=\"og:locale\" content=\"de_DE\" \/>\n<meta property=\"og:type\" content=\"article\" \/>\n<meta property=\"og:title\" content=\"Weisse-Dame-Open - SC Weisse Dame e. V.\" \/>\n<meta property=\"og:url\" content=\"http:\/\/sc-weisse-dame.de\/v3\/spielbetrieb\/weisse-dame-open\/\" \/>\n<meta property=\"og:site_name\" content=\"SC Weisse Dame e. V.\" \/>\n<meta property=\"article:modified_time\" content=\"2022-09-16T07:12:34+00:00\" \/>\n<meta name=\"twitter:card\" content=\"summary_large_image\" \/>\n<meta name=\"twitter:label1\" content=\"Gesch\u00e4tzte Lesezeit\" \/>\n\t<meta name=\"twitter:data1\" content=\"1\u00a0Minute\" \/>\n<script type=\"application\/ld+json\" class=\"yoast-schema-graph\">{\"@context\":\"https:\\\/\\\/schema.org\",\"@graph\":[{\"@type\":\"WebPage\",\"@id\":\"http:\\\/\\\/sc-weisse-dame.de\\\/v3\\\/spielbetrieb\\\/weisse-dame-open\\\/\",\"url\":\"http:\\\/\\\/sc-weisse-dame.de\\\/v3\\\/spielbetrieb\\\/weisse-dame-open\\\/\",\"name\":\"Weisse-Dame-Open - SC Weisse Dame e. V.\",\"isPartOf\":{\"@id\":\"http:\\\/\\\/sc-weisse-dame.de\\\/v3\\\/#website\"},\"datePublished\":\"2016-08-06T14:10:53+00:00\",\"dateModified\":\"2022-09-16T07:12:34+00:00\",\"breadcrumb\":{\"@id\":\"http:\\\/\\\/sc-weisse-dame.de\\\/v3\\\/spielbetrieb\\\/weisse-dame-open\\\/#breadcrumb\"},\"inLanguage\":\"de\",\"potentialAction\":[{\"@type\":\"ReadAction\",\"target\":[\"http:\\\/\\\/sc-weisse-dame.de\\\/v3\\\/spielbetrieb\\\/weisse-dame-open\\\/\"]}]},{\"@type\":\"BreadcrumbList\",\"@id\":\"http:\\\/\\\/sc-weisse-dame.de\\\/v3\\\/spielbetrieb\\\/weisse-dame-open\\\/#breadcrumb\",\"itemListElement\":[{\"@type\":\"ListItem\",\"position\":1,\"name\":\"Startseite\",\"item\":\"http:\\\/\\\/sc-weisse-dame.de\\\/v3\\\/\"},{\"@type\":\"ListItem\",\"position\":2,\"name\":\"Spielbetrieb\",\"item\":\"http:\\\/\\\/sc-weisse-dame.de\\\/v3\\\/spielbetrieb\\\/\"},{\"@type\":\"ListItem\",\"position\":3,\"name\":\"Weisse-Dame-Open\"}]},{\"@type\":\"WebSite\",\"@id\":\"http:\\\/\\\/sc-weisse-dame.de\\\/v3\\\/#website\",\"url\":\"http:\\\/\\\/sc-weisse-dame.de\\\/v3\\\/\",\"name\":\"SC Weisse Dame e. V.\",\"description\":\"Herzlich Willkommen!\",\"potentialAction\":[{\"@type\":\"SearchAction\",\"target\":{\"@type\":\"EntryPoint\",\"urlTemplate\":\"http:\\\/\\\/sc-weisse-dame.de\\\/v3\\\/?s={search_term_string}\"},\"query-input\":{\"@type\":\"PropertyValueSpecification\",\"valueRequired\":true,\"valueName\":\"search_term_string\"}}],\"inLanguage\":\"de\"}]}<\/script>\n<!-- \/ Yoast SEO plugin. -->","yoast_head_json":{"title":"Weisse-Dame-Open - SC Weisse Dame e. V.","robots":{"index":"index","follow":"follow","max-snippet":"max-snippet:-1","max-image-preview":"max-image-preview:large","max-video-preview":"max-video-preview:-1"},"canonical":"http:\/\/sc-weisse-dame.de\/v3\/spielbetrieb\/weisse-dame-open\/","og_locale":"de_DE","og_type":"article","og_title":"Weisse-Dame-Open - SC Weisse Dame e. V.","og_url":"http:\/\/sc-weisse-dame.de\/v3\/spielbetrieb\/weisse-dame-open\/","og_site_name":"SC Weisse Dame e. V.","article_modified_time":"2022-09-16T07:12:34+00:00","twitter_card":"summary_large_image","twitter_misc":{"Gesch\u00e4tzte Lesezeit":"1\u00a0Minute"},"schema":{"@context":"https:\/\/schema.org","@graph":[{"@type":"WebPage","@id":"http:\/\/sc-weisse-dame.de\/v3\/spielbetrieb\/weisse-dame-open\/","url":"http:\/\/sc-weisse-dame.de\/v3\/spielbetrieb\/weisse-dame-open\/","name":"Weisse-Dame-Open - SC Weisse Dame e. V.","isPartOf":{"@id":"http:\/\/sc-weisse-dame.de\/v3\/#website"},"datePublished":"2016-08-06T14:10:53+00:00","dateModified":"2022-09-16T07:12:34+00:00","breadcrumb":{"@id":"http:\/\/sc-weisse-dame.de\/v3\/spielbetrieb\/weisse-dame-open\/#breadcrumb"},"inLanguage":"de","potentialAction":[{"@type":"ReadAction","target":["http:\/\/sc-weisse-dame.de\/v3\/spielbetrieb\/weisse-dame-open\/"]}]},{"@type":"BreadcrumbList","@id":"http:\/\/sc-weisse-dame.de\/v3\/spielbetrieb\/weisse-dame-open\/#breadcrumb","itemListElement":[{"@type":"ListItem","position":1,"name":"Startseite","item":"http:\/\/sc-weisse-dame.de\/v3\/"},{"@type":"ListItem","position":2,"name":"Spielbetrieb","item":"http:\/\/sc-weisse-dame.de\/v3\/spielbetrieb\/"},{"@type":"ListItem","position":3,"name":"Weisse-Dame-Open"}]},{"@type":"WebSite","@id":"http:\/\/sc-weisse-dame.de\/v3\/#website","url":"http:\/\/sc-weisse-dame.de\/v3\/","name":"SC Weisse Dame e. V.","description":"Herzlich Willkommen!","potentialAction":[{"@type":"SearchAction","target":{"@type":"EntryPoint","urlTemplate":"http:\/\/sc-weisse-dame.de\/v3\/?s={search_term_string}"},"query-input":{"@type":"PropertyValueSpecification","valueRequired":true,"valueName":"search_term_string"}}],"inLanguage":"de"}]}},"ticketed":false,"_links":{"self":[{"href":"http:\/\/sc-weisse-dame.de\/v3\/wp-json\/wp\/v2\/pages\/1099","targetHints":{"allow":["GET"]}}],"collection":[{"href":"http:\/\/sc-weisse-dame.de\/v3\/wp-json\/wp\/v2\/pages"}],"about":[{"href":"http:\/\/sc-weisse-dame.de\/v3\/wp-json\/wp\/v2\/types\/page"}],"author":[{"embeddable":true,"href":"http:\/\/sc-weisse-dame.de\/v3\/wp-json\/wp\/v2\/users\/2"}],"replies":[{"embeddable":true,"href":"http:\/\/sc-weisse-dame.de\/v3\/wp-json\/wp\/v2\/comments?post=1099"}],"version-history":[{"count":8,"href":"http:\/\/sc-weisse-dame.de\/v3\/wp-json\/wp\/v2\/pages\/1099\/revisions"}],"predecessor-version":[{"id":24996,"href":"http:\/\/sc-weisse-dame.de\/v3\/wp-json\/wp\/v2\/pages\/1099\/revisions\/24996"}],"up":[{"embeddable":true,"href":"http:\/\/sc-weisse-dame.de\/v3\/wp-json\/wp\/v2\/pages\/40"}],"wp:attachment":[{"href":"http:\/\/sc-weisse-dame.de\/v3\/wp-json\/wp\/v2\/media?parent=1099"}],"wp:term":[{"taxonomy":"author","embeddable":true,"href":"http:\/\/sc-weisse-dame.de\/v3\/wp-json\/wp\/v2\/coauthors?post=1099"}],"curies":[{"name":"wp","href":"https:\/\/api.w.org\/{rel}","templated":true}]}}